Last updated on 2025-10-25 09:49:42 CEST.
| Flavor | Version | Tinstall | Tcheck | Ttotal | Status | Flags |
|---|---|---|---|---|---|---|
| r-devel-linux-x86_64-debian-clang | 1.0.0 | 48.56 | 123.44 | 172.00 | OK | |
| r-devel-linux-x86_64-debian-gcc | 1.0.0 | 37.17 | 89.97 | 127.14 | OK | |
| r-devel-linux-x86_64-fedora-clang | 1.0.0 | 52.00 | 224.95 | 276.95 | OK | |
| r-devel-linux-x86_64-fedora-gcc | 1.0.1 | 38.00 | 245.74 | 283.74 | OK | |
| r-devel-windows-x86_64 | 1.0.0 | 60.00 | 134.00 | 194.00 | OK | |
| r-patched-linux-x86_64 | 1.0.0 | 53.01 | 118.21 | 171.22 | OK | |
| r-release-linux-x86_64 | 1.0.0 | 53.93 | 118.98 | 172.91 | OK | |
| r-release-macos-arm64 | 1.0.1 | 21.00 | 53.00 | 74.00 | OK | |
| r-release-macos-x86_64 | 1.0.1 | 57.00 | 262.00 | 319.00 | OK | |
| r-release-windows-x86_64 | 1.0.0 | 88.00 | 134.00 | 222.00 | OK | |
| r-oldrel-macos-arm64 | 1.0.1 | 21.00 | 57.00 | 78.00 | NOTE | |
| r-oldrel-macos-x86_64 | 1.0.1 | 38.00 | 244.00 | 282.00 | NOTE | |
| r-oldrel-windows-x86_64 | 1.0.0 | 72.00 | 166.00 | 238.00 | OK |
Version: 1.0.1
Check: installed package size
Result: NOTE
installed size is 9.5Mb
sub-directories of 1Mb or more:
doc 2.8Mb
libs 6.0Mb
Flavors: r-oldrel-macos-arm64, r-oldrel-macos-x86_64