Last updated on 2025-07-12 13:48:37 CEST.
Flavor | Version | Tinstall | Tcheck | Ttotal | Status | Flags |
---|---|---|---|---|---|---|
r-devel-linux-x86_64-debian-clang | 1.0.1 | 3.03 | 93.84 | 96.87 | NOTE | |
r-devel-linux-x86_64-debian-gcc | 1.0.1 | 2.23 | 65.00 | 67.23 | NOTE | |
r-devel-linux-x86_64-fedora-clang | 1.0.1 | 150.81 | OK | |||
r-devel-linux-x86_64-fedora-gcc | 1.0.1 | 171.15 | OK | |||
r-devel-windows-x86_64 | 1.0.1 | 7.00 | 154.00 | 161.00 | OK | |
r-patched-linux-x86_64 | 1.0.1 | 2.83 | 95.49 | 98.32 | OK | |
r-release-linux-x86_64 | 1.0.1 | 2.61 | 101.40 | 104.01 | OK | |
r-release-macos-arm64 | 1.0.1 | 59.00 | OK | |||
r-release-macos-x86_64 | 1.0.1 | 147.00 | OK | |||
r-release-windows-x86_64 | 1.0.1 | 8.00 | 147.00 | 155.00 | OK | |
r-oldrel-macos-arm64 | 1.0.1 | 58.00 | OK | |||
r-oldrel-macos-x86_64 | 1.0.1 | 103.00 | OK | |||
r-oldrel-windows-x86_64 | 1.0.1 | 7.00 | 173.00 | 180.00 | OK |
Version: 1.0.1
Check: CRAN incoming feasibility
Result: NOTE
Maintainer: ‘Peter Hoff <peter.hoff@duke.edu>’
No Authors@R field in DESCRIPTION.
Please add one, modifying
Authors@R: c(person(given = "Peter",
family = "Hoff",
role = c("aut", "cre"),
email = "peter.hoff@duke.edu"),
person(given = "Alexander",
family = "Franks",
role = "aut"))
as necessary.
Flavors: r-devel-linux-x86_64-debian-clang, r-devel-linux-x86_64-debian-gcc