Last updated on 2025-10-26 05:50:11 CET.
| Flavor | Version | Tinstall | Tcheck | Ttotal | Status | Flags |
|---|---|---|---|---|---|---|
| r-devel-linux-x86_64-debian-clang | 0.5 | 4.04 | 31.59 | 35.63 | NOTE | |
| r-devel-linux-x86_64-debian-gcc | 0.5 | 2.69 | 24.15 | 26.84 | NOTE | |
| r-devel-linux-x86_64-fedora-clang | 0.5 | 51.21 | OK | |||
| r-devel-linux-x86_64-fedora-gcc | 0.5 | 11.00 | 35.80 | 46.80 | OK | |
| r-devel-windows-x86_64 | 0.5 | 5.00 | 58.00 | 63.00 | OK | |
| r-patched-linux-x86_64 | 0.5 | 4.15 | 29.80 | 33.95 | OK | |
| r-release-linux-x86_64 | 0.5 | 3.72 | 29.75 | 33.47 | OK | |
| r-release-macos-arm64 | 0.5 | 2.00 | 20.00 | 22.00 | OK | |
| r-release-macos-x86_64 | 0.5 | 5.00 | 44.00 | 49.00 | OK | |
| r-release-windows-x86_64 | 0.5 | 5.00 | 70.00 | 75.00 | OK | |
| r-oldrel-macos-arm64 | 0.5 | 3.00 | 24.00 | 27.00 | OK | |
| r-oldrel-macos-x86_64 | 0.5 | 5.00 | 44.00 | 49.00 | OK | |
| r-oldrel-windows-x86_64 | 0.5 | 5.00 | 61.00 | 66.00 | OK |
Version: 0.5
Check: CRAN incoming feasibility
Result: NOTE
Maintainer: ‘Theodore Lytras <thlytras@gmail.com>’
No Authors@R field in DESCRIPTION.
Please add one, modifying
Authors@R: person(given = "Theodore",
family = "Lytras",
role = c("aut", "cre"),
email = "thlytras@gmail.com")
as necessary.
Flavors: r-devel-linux-x86_64-debian-clang, r-devel-linux-x86_64-debian-gcc