CRAN Package Check Results for Package rsparkling

Last updated on 2025-11-26 05:51:49 CET.

Flavor Version Tinstall Tcheck Ttotal Status Flags
r-devel-linux-x86_64-debian-clang 0.2.19 6.14 40.65 46.79 OK
r-devel-linux-x86_64-debian-gcc 0.2.19 4.21 28.91 33.12 OK
r-devel-linux-x86_64-fedora-clang 0.2.19 53.00 23.55 76.55 NOTE
r-devel-linux-x86_64-fedora-gcc 0.2.19 15.00 53.41 68.41 NOTE
r-devel-windows-x86_64 0.2.19 8.00 43.00 51.00 OK
r-patched-linux-x86_64 0.2.19 5.89 37.37 43.26 OK
r-release-linux-x86_64 0.2.19 5.23 37.39 42.62 OK
r-release-macos-arm64 0.2.19 OK
r-release-macos-x86_64 0.2.19 5.00 38.00 43.00 OK
r-release-windows-x86_64 0.2.19 8.00 56.00 64.00 OK
r-oldrel-macos-arm64 0.2.19 NOTE
r-oldrel-macos-x86_64 0.2.19 4.00 28.00 32.00 NOTE
r-oldrel-windows-x86_64 0.2.19 9.00 56.00 65.00 NOTE

Check Details

Version: 0.2.19
Check: dependencies in R code
Result: NOTE Namespace in Imports field not imported from: ‘h2o’ All declared Imports should be used. Flavors: r-devel-linux-x86_64-fedora-clang, r-devel-linux-x86_64-fedora-gcc

Version: 0.2.19
Check: LazyData
Result: NOTE 'LazyData' is specified without a 'data' directory Flavors: r-oldrel-macos-arm64, r-oldrel-macos-x86_64, r-oldrel-windows-x86_64