CRAN Package Check Results for Package rsi

Last updated on 2025-11-26 13:50:23 CET.

Flavor Version Tinstall Tcheck Ttotal Status Flags
r-devel-linux-x86_64-debian-clang 0.3.2 3.53 80.99 84.52 NOTE
r-devel-linux-x86_64-debian-gcc 0.3.2 2.98 54.89 57.87 NOTE
r-devel-linux-x86_64-fedora-clang 0.3.2 129.83 NOTE
r-devel-linux-x86_64-fedora-gcc 0.3.2 138.36 NOTE
r-devel-windows-x86_64 0.3.2 8.00 89.00 97.00 NOTE
r-patched-linux-x86_64 0.3.2 4.46 75.09 79.55 NOTE
r-release-linux-x86_64 0.3.2 3.97 75.02 78.99 NOTE
r-release-macos-arm64 0.3.2 NOTE
r-release-macos-x86_64 0.3.2 4.00 81.00 85.00 NOTE
r-release-windows-x86_64 0.3.2 7.00 111.00 118.00 NOTE
r-oldrel-macos-arm64 0.3.2 OK
r-oldrel-macos-x86_64 0.3.2 3.00 81.00 84.00 OK
r-oldrel-windows-x86_64 0.3.2 11.00 107.00 118.00 OK

Check Details

Version: 0.3.2
Check: DESCRIPTION meta-information
Result: NOTE Missing dependency on R >= 4.1.0 because package code uses the pipe |> or function shorthand \(...) syntax added in R 4.1.0. File(s) using such syntax: ‘calculate_indices.Rd’ ‘get_stac_data.R’ ‘get_stac_data.Rd’ ‘landsat_mask_function.Rd’ Flavors: r-devel-linux-x86_64-debian-clang, r-devel-linux-x86_64-debian-gcc, r-devel-linux-x86_64-fedora-clang, r-devel-linux-x86_64-fedora-gcc, r-devel-windows-x86_64, r-patched-linux-x86_64, r-release-linux-x86_64, r-release-macos-arm64, r-release-macos-x86_64, r-release-windows-x86_64