Last updated on 2025-10-26 01:50:00 CEST.
| Flavor | Version | Tinstall | Tcheck | Ttotal | Status | Flags |
|---|---|---|---|---|---|---|
| r-devel-linux-x86_64-debian-clang | 1.0 | 6.59 | 67.01 | 73.60 | OK | |
| r-devel-linux-x86_64-debian-gcc | 1.0 | 5.46 | 50.20 | 55.66 | OK | |
| r-devel-linux-x86_64-fedora-clang | 1.0 | 15.00 | 95.62 | 110.62 | OK | |
| r-devel-linux-x86_64-fedora-gcc | 1.0 | 26.00 | 94.73 | 120.73 | OK | |
| r-devel-windows-x86_64 | 1.0 | 9.00 | 75.00 | 84.00 | OK | |
| r-patched-linux-x86_64 | 1.0 | 7.53 | 62.49 | 70.02 | OK | |
| r-release-linux-x86_64 | 1.0 | 7.23 | 63.01 | 70.24 | OK | |
| r-release-macos-arm64 | 1.0 | 4.00 | 45.00 | 49.00 | OK | |
| r-release-macos-x86_64 | 1.0 | 7.00 | 74.00 | 81.00 | OK | |
| r-release-windows-x86_64 | 1.0 | 9.00 | 78.00 | 87.00 | OK | |
| r-oldrel-macos-arm64 | 1.0 | 3.00 | 35.00 | 38.00 | NOTE | |
| r-oldrel-macos-x86_64 | 1.0 | 6.00 | 59.00 | 65.00 | NOTE | |
| r-oldrel-windows-x86_64 | 1.0 | 13.00 | 95.00 | 108.00 | NOTE |
Version: 1.0
Check: LazyData
Result: NOTE
'LazyData' is specified without a 'data' directory
Flavors: r-oldrel-macos-arm64, r-oldrel-macos-x86_64, r-oldrel-windows-x86_64