CRAN Package Check Results for Package rmdl

Last updated on 2025-07-08 21:48:34 CEST.

Flavor Version Tinstall Tcheck Ttotal Status Flags
r-devel-linux-x86_64-debian-clang 0.1.0 6.51 65.31 71.82 NOTE
r-devel-linux-x86_64-debian-gcc 0.1.0 4.04 47.96 52.00 NOTE
r-devel-linux-x86_64-fedora-clang 0.1.0 120.45 NOTE
r-devel-linux-x86_64-fedora-gcc 0.1.0 118.75 NOTE
r-devel-windows-x86_64 0.1.0 8.00 79.00 87.00 NOTE
r-patched-linux-x86_64 0.1.0 6.31 61.60 67.91 NOTE
r-release-linux-x86_64 0.1.0 6.03 61.36 67.39 NOTE
r-release-macos-arm64 0.1.0 38.00 NOTE
r-release-macos-x86_64 0.1.0 77.00 OK
r-release-windows-x86_64 0.1.0 9.00 76.00 85.00 NOTE
r-oldrel-macos-arm64 0.1.0 42.00 OK
r-oldrel-macos-x86_64 0.1.0 58.00 OK
r-oldrel-windows-x86_64 0.1.0 12.00 96.00 108.00 OK

Check Details

Version: 0.1.0
Check: DESCRIPTION meta-information
Result: NOTE Missing dependency on R >= 4.2.0 because package code uses the pipe placeholder syntax added in R 4.2.0. File(s) using such syntax: ‘model-table.R’ Flavors: r-devel-linux-x86_64-debian-clang, r-devel-linux-x86_64-debian-gcc, r-devel-linux-x86_64-fedora-clang, r-devel-linux-x86_64-fedora-gcc, r-devel-windows-x86_64, r-patched-linux-x86_64, r-release-linux-x86_64, r-release-macos-arm64, r-release-windows-x86_64