Last updated on 2025-10-26 13:50:06 CET.
| Flavor | Version | Tinstall | Tcheck | Ttotal | Status | Flags |
|---|---|---|---|---|---|---|
| r-devel-linux-x86_64-debian-clang | 1.1 | 1.89 | 28.35 | 30.24 | NOTE | |
| r-devel-linux-x86_64-debian-gcc | 1.1 | 1.55 | 21.15 | 22.70 | NOTE | |
| r-devel-linux-x86_64-fedora-clang | 1.1 | 46.87 | OK | |||
| r-devel-linux-x86_64-fedora-gcc | 1.1 | 46.54 | OK | |||
| r-devel-windows-x86_64 | 1.1 | 3.00 | 42.00 | 45.00 | OK | |
| r-patched-linux-x86_64 | 1.1 | 1.96 | 26.56 | 28.52 | OK | |
| r-release-linux-x86_64 | 1.1 | 1.92 | 26.71 | 28.63 | OK | |
| r-release-macos-arm64 | 1.1 | 1.00 | 15.00 | 16.00 | OK | |
| r-release-macos-x86_64 | 1.1 | 2.00 | 27.00 | 29.00 | OK | |
| r-release-windows-x86_64 | 1.1 | 3.00 | 47.00 | 50.00 | OK | |
| r-oldrel-macos-arm64 | 1.1 | 1.00 | 13.00 | 14.00 | OK | |
| r-oldrel-macos-x86_64 | 1.1 | 2.00 | 22.00 | 24.00 | OK | |
| r-oldrel-windows-x86_64 | 1.1 | 2.00 | 43.00 | 45.00 | OK |
Version: 1.1
Check: CRAN incoming feasibility
Result: NOTE
Maintainer: ‘Shonosuke Sugasawa <shonosuke622@gmail.com>’
No Authors@R field in DESCRIPTION.
Please add one, modifying
Authors@R: person(given = "Shonosuke",
family = "Sugasawa",
role = c("aut", "cre"),
email = "shonosuke622@gmail.com")
as necessary.
Flavors: r-devel-linux-x86_64-debian-clang, r-devel-linux-x86_64-debian-gcc