Last updated on 2025-11-26 17:50:05 CET.
| Flavor | Version | Tinstall | Tcheck | Ttotal | Status | Flags |
|---|---|---|---|---|---|---|
| r-devel-linux-x86_64-debian-clang | 0.2.1 | 1.75 | 21.24 | 22.99 | OK | |
| r-devel-linux-x86_64-debian-gcc | 0.2.1 | 1.50 | 17.07 | 18.57 | OK | |
| r-devel-linux-x86_64-fedora-clang | 0.2.1 | 34.22 | OK | |||
| r-devel-linux-x86_64-fedora-gcc | 0.2.1 | 32.97 | OK | |||
| r-devel-windows-x86_64 | 0.2.1 | 4.00 | 40.00 | 44.00 | OK | |
| r-patched-linux-x86_64 | 0.2.1 | 1.79 | 20.59 | 22.38 | OK | |
| r-release-linux-x86_64 | 0.2.1 | 1.70 | 20.12 | 21.82 | OK | |
| r-release-macos-arm64 | 0.2.1 | OK | ||||
| r-release-macos-x86_64 | 0.2.1 | 2.00 | 21.00 | 23.00 | OK | |
| r-release-windows-x86_64 | 0.2.1 | 3.00 | 46.00 | 49.00 | OK | |
| r-oldrel-macos-arm64 | 0.2.1 | NOTE | ||||
| r-oldrel-macos-x86_64 | 0.2.1 | 1.00 | 24.00 | 25.00 | OK | |
| r-oldrel-windows-x86_64 | 0.2.1 | 4.00 | 44.00 | 48.00 | OK |
Version: 0.2.1
Check: package dependencies
Result: NOTE
Package suggested but not available for checking: ‘ccdata’
Flavor: r-oldrel-macos-arm64