Last updated on 2025-10-25 05:50:14 CEST.
| Flavor | Version | Tinstall | Tcheck | Ttotal | Status | Flags |
|---|---|---|---|---|---|---|
| r-devel-linux-x86_64-debian-clang | 1.1.3 | 15.56 | 184.03 | 199.59 | NOTE | |
| r-devel-linux-x86_64-debian-gcc | 1.1.3 | 12.11 | 115.17 | 127.28 | NOTE | |
| r-devel-linux-x86_64-fedora-clang | 1.1.3 | 32.00 | 274.88 | 306.88 | NOTE | |
| r-devel-linux-x86_64-fedora-gcc | 1.1.3 | 34.00 | 278.19 | 312.19 | NOTE | |
| r-devel-windows-x86_64 | 1.1.3 | 16.00 | 155.00 | 171.00 | NOTE | |
| r-patched-linux-x86_64 | 1.1.3 | 17.12 | 157.84 | 174.96 | NOTE | |
| r-release-linux-x86_64 | 1.1.3 | 11.00 | 158.82 | 169.82 | NOTE | |
| r-release-macos-arm64 | 1.1.3 | 6.00 | 73.00 | 79.00 | NOTE | |
| r-release-macos-x86_64 | 1.1.3 | 11.00 | 155.00 | 166.00 | NOTE | |
| r-release-windows-x86_64 | 1.1.3 | 17.00 | 158.00 | 175.00 | NOTE | |
| r-oldrel-macos-arm64 | 1.1.3 | 6.00 | 66.00 | 72.00 | NOTE | |
| r-oldrel-macos-x86_64 | 1.1.3 | 8.00 | 113.00 | 121.00 | NOTE | |
| r-oldrel-windows-x86_64 | 1.1.3 | 21.00 | 218.00 | 239.00 | NOTE |
Version: 1.1.3
Check: Rd files
Result: NOTE
checkRd: (-1) method.A.Rd:200-205: Lost braces in \itemize; \value handles \item{}{} directly
checkRd: (-1) method.A.Rd:206-211: Lost braces in \itemize; \value handles \item{}{} directly
checkRd: (-1) method.A.Rd:231-236: Lost braces in \itemize; \value handles \item{}{} directly
checkRd: (-1) method.A.Rd:237-242: Lost braces in \itemize; \value handles \item{}{} directly
checkRd: (-1) method.B.Rd:201-206: Lost braces in \itemize; \value handles \item{}{} directly
checkRd: (-1) method.B.Rd:207-212: Lost braces in \itemize; \value handles \item{}{} directly
checkRd: (-1) method.B.Rd:232-237: Lost braces in \itemize; \value handles \item{}{} directly
checkRd: (-1) method.B.Rd:238-243: Lost braces in \itemize; \value handles \item{}{} directly
Flavors: r-devel-linux-x86_64-debian-clang, r-devel-linux-x86_64-debian-gcc, r-devel-linux-x86_64-fedora-clang, r-devel-linux-x86_64-fedora-gcc, r-devel-windows-x86_64, r-patched-linux-x86_64, r-release-linux-x86_64, r-release-macos-arm64, r-release-macos-x86_64, r-release-windows-x86_64, r-oldrel-macos-arm64, r-oldrel-macos-x86_64, r-oldrel-windows-x86_64