Last updated on 2025-10-25 13:48:48 CEST.
| Flavor | Version | Tinstall | Tcheck | Ttotal | Status | Flags |
|---|---|---|---|---|---|---|
| r-devel-linux-x86_64-debian-clang | 1.2.3 | 14.13 | 41.31 | 55.44 | NOTE | |
| r-devel-linux-x86_64-debian-gcc | 1.2.3 | 10.56 | 32.02 | 42.58 | NOTE | |
| r-devel-linux-x86_64-fedora-clang | 1.2.3 | 33.00 | 53.20 | 86.20 | NOTE | |
| r-devel-linux-x86_64-fedora-gcc | 1.2.3 | 34.00 | 63.70 | 97.70 | NOTE | |
| r-devel-windows-x86_64 | 1.2.3 | 19.00 | 74.00 | 93.00 | NOTE | |
| r-patched-linux-x86_64 | 1.2.3 | 14.10 | 38.21 | 52.31 | NOTE | |
| r-release-linux-x86_64 | 1.2.3 | 14.62 | 38.29 | 52.91 | NOTE | |
| r-release-macos-arm64 | 1.2.3 | 6.00 | 25.00 | 31.00 | NOTE | |
| r-release-macos-x86_64 | 1.2.3 | 12.00 | 64.00 | 76.00 | NOTE | |
| r-release-windows-x86_64 | 1.2.3 | 21.00 | 80.00 | 101.00 | NOTE | |
| r-oldrel-macos-arm64 | 1.2.3 | 7.00 | 24.00 | 31.00 | NOTE | |
| r-oldrel-macos-x86_64 | 1.2.3 | 9.00 | 42.00 | 51.00 | NOTE | |
| r-oldrel-windows-x86_64 | 1.2.3 | 20.00 | 90.00 | 110.00 | NOTE |
Version: 1.2.3
Check: Rd files
Result: NOTE
checkRd: (-1) twosidedPValuestobins.Rd:84: Lost braces; missing escapes or markup?
84 | A matrix with \code{n.bins + 1} rows and {ncol(zmat)} columns, representing for each study the discretization chosed. Values are the between bin breaks. First and last values are the edges of the outmost bins.
| ^
checkRd: (-1) ztobins.Rd:90: Lost braces; missing escapes or markup?
90 | A matrix with \code{n.bins + 1} rows and {ncol(zmat)} columns, representing for each study the discretization chosed. Values are the between bin breaks. First and last values are the edges of the outmost bins.
| ^
Flavors: r-devel-linux-x86_64-debian-clang, r-devel-linux-x86_64-debian-gcc, r-devel-linux-x86_64-fedora-clang, r-devel-linux-x86_64-fedora-gcc, r-devel-windows-x86_64, r-patched-linux-x86_64, r-release-linux-x86_64, r-release-macos-arm64, r-release-macos-x86_64, r-release-windows-x86_64, r-oldrel-macos-arm64, r-oldrel-macos-x86_64, r-oldrel-windows-x86_64