Last updated on 2025-07-10 05:49:23 CEST.
Flavor | Version | Tinstall | Tcheck | Ttotal | Status | Flags |
---|---|---|---|---|---|---|
r-devel-linux-x86_64-debian-clang | 2.3.13 | 41.65 | 131.33 | 172.98 | OK | |
r-devel-linux-x86_64-debian-gcc | 2.3.13 | 30.46 | 75.48 | 105.94 | OK | |
r-devel-linux-x86_64-fedora-clang | 2.3.13 | 279.23 | OK | |||
r-devel-linux-x86_64-fedora-gcc | 2.3.13 | 275.19 | OK | |||
r-devel-windows-x86_64 | 2.3.13 | 47.00 | 182.00 | 229.00 | OK | |
r-patched-linux-x86_64 | 2.3.13 | 43.02 | 107.67 | 150.69 | OK | |
r-release-linux-x86_64 | 2.3.13 | 42.56 | 107.90 | 150.46 | OK | |
r-release-macos-arm64 | 2.3.13 | 92.00 | OK | |||
r-release-macos-x86_64 | 2.3.13 | 152.00 | OK | |||
r-release-windows-x86_64 | 2.3.13 | 46.00 | 181.00 | 227.00 | OK | |
r-oldrel-macos-arm64 | 2.3.13 | 88.00 | NOTE | |||
r-oldrel-macos-x86_64 | 2.3.13 | 169.00 | NOTE | |||
r-oldrel-windows-x86_64 | 2.3.13 | 56.00 | 223.00 | 279.00 | NOTE |
Version: 2.3.13
Check: installed package size
Result: NOTE
installed size is 9.4Mb
sub-directories of 1Mb or more:
doc 3.9Mb
libs 5.1Mb
Flavors: r-oldrel-macos-arm64, r-oldrel-macos-x86_64, r-oldrel-windows-x86_64