Last updated on 2025-10-25 21:49:50 CEST.
| Flavor | Version | Tinstall | Tcheck | Ttotal | Status | Flags |
|---|---|---|---|---|---|---|
| r-devel-linux-x86_64-debian-clang | 1.0 | 2.68 | 50.25 | 52.93 | NOTE | |
| r-devel-linux-x86_64-debian-gcc | 1.0 | 1.90 | 37.44 | 39.34 | NOTE | |
| r-devel-linux-x86_64-fedora-clang | 1.0 | 81.54 | OK | |||
| r-devel-linux-x86_64-fedora-gcc | 1.0 | 93.03 | OK | |||
| r-devel-windows-x86_64 | 1.0 | 4.00 | 69.00 | 73.00 | OK | |
| r-patched-linux-x86_64 | 1.0 | 2.68 | 47.90 | 50.58 | OK | |
| r-release-linux-x86_64 | 1.0 | 2.27 | 47.66 | 49.93 | OK | |
| r-release-macos-arm64 | 1.0 | 1.00 | 33.00 | 34.00 | OK | |
| r-release-macos-x86_64 | 1.0 | 2.00 | 74.00 | 76.00 | OK | |
| r-release-windows-x86_64 | 1.0 | 5.00 | 68.00 | 73.00 | OK | |
| r-oldrel-macos-arm64 | 1.0 | 1.00 | 33.00 | 34.00 | NOTE | |
| r-oldrel-macos-x86_64 | 1.0 | 2.00 | 65.00 | 67.00 | NOTE | |
| r-oldrel-windows-x86_64 | 1.0 | 6.00 | 86.00 | 92.00 | NOTE |
Version: 1.0
Check: CRAN incoming feasibility
Result: NOTE
Maintainer: ‘Kenneth Tay <kjytay@stanford.edu>’
No Authors@R field in DESCRIPTION.
Please add one, modifying
Authors@R: c(person(given = "Kenneth",
family = "Tay",
role = c("aut", "cre"),
email = "kjytay@stanford.edu"),
person(given = "Robert",
family = "Tibshirani",
role = "aut"))
as necessary.
The Description field contains
(2019) <arXiv:1912.01808> for details.
Please refer to arXiv e-prints via their arXiv DOI <doi:10.48550/arXiv.YYMM.NNNNN>.
Flavors: r-devel-linux-x86_64-debian-clang, r-devel-linux-x86_64-debian-gcc
Version: 1.0
Check: LazyData
Result: NOTE
'LazyData' is specified without a 'data' directory
Flavors: r-oldrel-macos-arm64, r-oldrel-macos-x86_64, r-oldrel-windows-x86_64