Last updated on 2025-11-26 17:50:04 CET.
| Flavor | Version | Tinstall | Tcheck | Ttotal | Status | Flags |
|---|---|---|---|---|---|---|
| r-devel-linux-x86_64-debian-clang | 0.1.8 | 7.81 | 80.54 | 88.35 | NOTE | |
| r-devel-linux-x86_64-debian-gcc | 0.1.8 | 5.73 | 60.13 | 65.86 | NOTE | |
| r-devel-linux-x86_64-fedora-clang | 0.1.8 | 20.00 | 114.40 | 134.40 | NOTE | |
| r-devel-linux-x86_64-fedora-gcc | 0.1.8 | 19.00 | 123.00 | 142.00 | NOTE | |
| r-devel-windows-x86_64 | 0.1.8 | 15.00 | 95.00 | 110.00 | NOTE | |
| r-patched-linux-x86_64 | 0.1.8 | 7.96 | 74.73 | 82.69 | NOTE | |
| r-release-linux-x86_64 | 0.1.8 | 7.85 | 73.93 | 81.78 | NOTE | |
| r-release-macos-arm64 | 0.1.8 | NOTE | ||||
| r-release-macos-x86_64 | 0.1.8 | 9.00 | 88.00 | 97.00 | NOTE | |
| r-release-windows-x86_64 | 0.1.8 | 13.00 | 99.00 | 112.00 | NOTE | |
| r-oldrel-macos-arm64 | 0.1.8 | NOTE | ||||
| r-oldrel-macos-x86_64 | 0.1.8 | 9.00 | 73.00 | 82.00 | NOTE | |
| r-oldrel-windows-x86_64 | 0.1.8 | 16.00 | 118.00 | 134.00 | NOTE |
Version: 0.1.8
Check: CRAN incoming feasibility
Result: NOTE
Maintainer: ‘Daniel Antal <daniel.antal@ceemid.eu>’
The BugReports field in DESCRIPTION has
https://github.com/rOpenGov/regions
which should likely be
https://github.com/rOpenGov/regions/issues
instead.
Flavors: r-devel-linux-x86_64-debian-clang, r-devel-linux-x86_64-debian-gcc
Version: 0.1.8
Check: Rd files
Result: NOTE
checkRd: (-1) impute_down_nuts.Rd:21: Lost braces
21 | NUTS typologies, defaults to code{"geo_var".}}
| ^
checkRd: (-1) validate_data_frame.Rd:19: Lost braces
19 | NUTS typologies, defaults to code{"geo_var".}}
| ^
Flavors: r-devel-linux-x86_64-debian-clang, r-devel-linux-x86_64-debian-gcc, r-devel-linux-x86_64-fedora-clang, r-devel-linux-x86_64-fedora-gcc, r-devel-windows-x86_64, r-patched-linux-x86_64, r-release-linux-x86_64, r-release-macos-arm64, r-release-macos-x86_64, r-release-windows-x86_64, r-oldrel-macos-arm64, r-oldrel-macos-x86_64, r-oldrel-windows-x86_64