CRAN Package Check Results for Package refer

Last updated on 2025-10-26 13:50:06 CET.

Flavor Version Tinstall Tcheck Ttotal Status Flags
r-devel-linux-x86_64-debian-clang 0.1.0 3.29 35.98 39.27 NOTE
r-devel-linux-x86_64-debian-gcc 0.1.0 2.34 27.19 29.53 NOTE
r-devel-linux-x86_64-fedora-clang 0.1.0 58.42 OK
r-devel-linux-x86_64-fedora-gcc 0.1.0 71.15 OK
r-devel-windows-x86_64 0.1.0 5.00 56.00 61.00 OK
r-patched-linux-x86_64 0.1.0 3.64 34.04 37.68 OK
r-release-linux-x86_64 0.1.0 3.25 34.82 38.07 OK
r-release-macos-arm64 0.1.0 1.00 41.00 42.00 OK
r-release-macos-x86_64 0.1.0 3.00 51.00 54.00 OK
r-release-windows-x86_64 0.1.0 5.00 58.00 63.00 OK
r-oldrel-macos-arm64 0.1.0 2.00 24.00 26.00 OK
r-oldrel-macos-x86_64 0.1.0 2.00 36.00 38.00 OK
r-oldrel-windows-x86_64 0.1.0 5.00 67.00 72.00 OK

Check Details

Version: 0.1.0
Check: CRAN incoming feasibility
Result: NOTE Maintainer: ‘Christopher Mann <cmann3@unl.edu>’ No Authors@R field in DESCRIPTION. Please add one, modifying Authors@R: person(given = "Christopher", family = "Mann", role = c("aut", "cre"), email = "cmann3@unl.edu") as necessary. Flavors: r-devel-linux-x86_64-debian-clang, r-devel-linux-x86_64-debian-gcc