Last updated on 2025-10-26 05:50:09 CET.
| Flavor | Version | Tinstall | Tcheck | Ttotal | Status | Flags |
|---|---|---|---|---|---|---|
| r-devel-linux-x86_64-debian-clang | 2.1.2 | 37.96 | 47.99 | 85.95 | OK | |
| r-devel-linux-x86_64-debian-gcc | 2.1.2 | 33.61 | 35.72 | 69.33 | OK | |
| r-devel-linux-x86_64-fedora-clang | 2.1.2 | 94.00 | 59.33 | 153.33 | OK | |
| r-devel-linux-x86_64-fedora-gcc | 2.1.2 | 79.00 | 83.79 | 162.79 | OK | |
| r-devel-windows-x86_64 | 2.1.2 | 62.00 | 84.00 | 146.00 | OK | |
| r-patched-linux-x86_64 | 2.1.2 | 37.75 | 44.74 | 82.49 | OK | |
| r-release-linux-x86_64 | 2.1.2 | 35.64 | 44.69 | 80.33 | OK | |
| r-release-macos-arm64 | 2.1.2 | 17.00 | 30.00 | 47.00 | OK | |
| r-release-macos-x86_64 | 2.1.2 | 16.00 | 59.00 | 75.00 | OK | |
| r-release-windows-x86_64 | 2.1.2 | 59.00 | 93.00 | 152.00 | OK | |
| r-oldrel-macos-arm64 | 2.1.2 | 16.00 | 36.00 | 52.00 | NOTE | |
| r-oldrel-macos-x86_64 | 2.1.2 | 16.00 | 53.00 | 69.00 | NOTE | |
| r-oldrel-windows-x86_64 | 2.1.2 | 76.00 | 104.00 | 180.00 | OK |
Version: 2.1.2
Check: installed package size
Result: NOTE
installed size is 5.4Mb
sub-directories of 1Mb or more:
libs 4.5Mb
Flavors: r-oldrel-macos-arm64, r-oldrel-macos-x86_64