CRAN Package Check Results for Package rechonest

Last updated on 2025-11-26 17:50:04 CET.

Flavor Version Tinstall Tcheck Ttotal Status Flags
r-devel-linux-x86_64-debian-clang 1.2 3.51 32.00 35.51 NOTE
r-devel-linux-x86_64-debian-gcc 1.2 2.02 24.42 26.44 NOTE
r-devel-linux-x86_64-fedora-clang 1.2 53.09 OK
r-devel-linux-x86_64-fedora-gcc 1.2 49.18 OK
r-devel-windows-x86_64 1.2 6.00 51.00 57.00 OK
r-patched-linux-x86_64 1.2 3.24 29.79 33.03 OK
r-release-linux-x86_64 1.2 2.45 29.76 32.21 OK
r-release-macos-arm64 1.2 OK
r-release-macos-x86_64 1.2 3.00 28.00 31.00 OK
r-release-windows-x86_64 1.2 6.00 67.00 73.00 OK
r-oldrel-macos-arm64 1.2 NOTE
r-oldrel-macos-x86_64 1.2 2.00 23.00 25.00 NOTE
r-oldrel-windows-x86_64 1.2 7.00 59.00 66.00 NOTE

Check Details

Version: 1.2
Check: CRAN incoming feasibility
Result: NOTE Maintainer: ‘Mukul Chaware <mukul.chaware13@gmail.com>’ No Authors@R field in DESCRIPTION. Please add one, modifying Authors@R: person(given = "Mukul", family = "Chaware", role = c("aut", "cre"), email = "mukul.chaware13@gmail.com") as necessary. Flavors: r-devel-linux-x86_64-debian-clang, r-devel-linux-x86_64-debian-gcc

Version: 1.2
Check: LazyData
Result: NOTE 'LazyData' is specified without a 'data' directory Flavors: r-oldrel-macos-arm64, r-oldrel-macos-x86_64, r-oldrel-windows-x86_64