Last updated on 2025-10-25 21:49:50 CEST.
| Flavor | Version | Tinstall | Tcheck | Ttotal | Status | Flags |
|---|---|---|---|---|---|---|
| r-devel-linux-x86_64-debian-clang | 0.1-3 | 1.81 | 26.05 | 27.86 | OK | |
| r-devel-linux-x86_64-debian-gcc | 0.1-3 | 1.72 | 20.84 | 22.56 | OK | |
| r-devel-linux-x86_64-fedora-clang | 0.1-3 | 38.41 | OK | |||
| r-devel-linux-x86_64-fedora-gcc | 0.1-3 | 37.50 | OK | |||
| r-devel-windows-x86_64 | 0.1-3 | 4.00 | 53.00 | 57.00 | OK | |
| r-patched-linux-x86_64 | 0.1-3 | 2.57 | 24.22 | 26.79 | OK | |
| r-release-linux-x86_64 | 0.1-3 | 1.91 | 24.19 | 26.10 | OK | |
| r-release-macos-arm64 | 0.1-3 | 2.00 | 20.00 | 22.00 | OK | |
| r-release-macos-x86_64 | 0.1-3 | 2.00 | 26.00 | 28.00 | OK | |
| r-release-windows-x86_64 | 0.1-3 | 3.00 | 53.00 | 56.00 | OK | |
| r-oldrel-macos-arm64 | 0.1-3 | 1.00 | 17.00 | 18.00 | NOTE | |
| r-oldrel-macos-x86_64 | 0.1-3 | 2.00 | 22.00 | 24.00 | NOTE | |
| r-oldrel-windows-x86_64 | 0.1-3 | 4.00 | 59.00 | 63.00 | NOTE |
Version: 0.1-3
Check: LazyData
Result: NOTE
'LazyData' is specified without a 'data' directory
Flavors: r-oldrel-macos-arm64, r-oldrel-macos-x86_64, r-oldrel-windows-x86_64