Last updated on 2025-10-25 21:49:50 CEST.
| Flavor | Version | Tinstall | Tcheck | Ttotal | Status | Flags |
|---|---|---|---|---|---|---|
| r-devel-linux-x86_64-debian-clang | 0.0-3 | 2.08 | 24.31 | 26.39 | OK | |
| r-devel-linux-x86_64-debian-gcc | 0.0-3 | 1.63 | 19.53 | 21.16 | OK | |
| r-devel-linux-x86_64-fedora-clang | 0.0-3 | 37.73 | OK | |||
| r-devel-linux-x86_64-fedora-gcc | 0.0-3 | 36.45 | OK | |||
| r-devel-windows-x86_64 | 0.0-3 | 4.00 | 45.00 | 49.00 | OK | |
| r-patched-linux-x86_64 | 0.0-3 | 2.27 | 22.39 | 24.66 | OK | |
| r-release-linux-x86_64 | 0.0-3 | 1.94 | 22.54 | 24.48 | OK | |
| r-release-macos-arm64 | 0.0-3 | 1.00 | 14.00 | 15.00 | OK | |
| r-release-macos-x86_64 | 0.0-3 | 3.00 | 23.00 | 26.00 | OK | |
| r-release-windows-x86_64 | 0.0-3 | 4.00 | 47.00 | 51.00 | OK | |
| r-oldrel-macos-arm64 | 0.0-3 | 1.00 | 16.00 | 17.00 | NOTE | |
| r-oldrel-macos-x86_64 | 0.0-3 | 2.00 | 21.00 | 23.00 | NOTE | |
| r-oldrel-windows-x86_64 | 0.0-3 | 4.00 | 52.00 | 56.00 | NOTE |
Version: 0.0-3
Check: LazyData
Result: NOTE
'LazyData' is specified without a 'data' directory
Flavors: r-oldrel-macos-arm64, r-oldrel-macos-x86_64, r-oldrel-windows-x86_64