Last updated on 2025-10-26 21:51:14 CET.
| Flavor | Version | Tinstall | Tcheck | Ttotal | Status | Flags |
|---|---|---|---|---|---|---|
| r-devel-linux-x86_64-debian-clang | 2.16.0 | 48.46 | 205.68 | 254.14 | NOTE | |
| r-devel-linux-x86_64-debian-gcc | 2.16.0 | 31.94 | 139.50 | 171.44 | NOTE | |
| r-devel-linux-x86_64-fedora-clang | 2.16.0 | 83.00 | 312.87 | 395.87 | OK | |
| r-devel-linux-x86_64-fedora-gcc | 2.16.0 | 101.00 | 323.26 | 424.26 | OK | |
| r-devel-windows-x86_64 | 2.16.0 | 50.00 | 268.00 | 318.00 | OK | |
| r-patched-linux-x86_64 | 2.16.0 | 51.80 | 194.78 | 246.58 | NOTE | |
| r-release-linux-x86_64 | 2.16.0 | 45.86 | 194.93 | 240.79 | NOTE | |
| r-release-macos-arm64 | 2.16.0 | 16.00 | 97.00 | 113.00 | OK | |
| r-release-macos-x86_64 | 2.16.0 | 28.00 | 169.00 | 197.00 | OK | |
| r-release-windows-x86_64 | 2.16.0 | 46.00 | 284.00 | 330.00 | OK | |
| r-oldrel-macos-arm64 | 2.16.0 | 19.00 | 115.00 | 134.00 | NOTE | |
| r-oldrel-macos-x86_64 | 2.16.0 | 50.00 | 310.00 | 360.00 | NOTE | |
| r-oldrel-windows-x86_64 | 2.16.0 | 48.00 | 258.00 | 306.00 | OK |
Version: 2.16.0
Check: for unstated dependencies in ‘demo’
Result: NOTE
'library' or 'require' calls not declared from:
‘FNN’ ‘MASS’ ‘e1071’ ‘flexmix’
Flavors: r-devel-linux-x86_64-debian-clang, r-devel-linux-x86_64-debian-gcc, r-patched-linux-x86_64, r-release-linux-x86_64
Version: 2.16.0
Check: installed package size
Result: NOTE
installed size is 5.5Mb
sub-directories of 1Mb or more:
R 2.1Mb
data 1.7Mb
Flavors: r-oldrel-macos-arm64, r-oldrel-macos-x86_64