Last updated on 2025-10-25 17:48:49 CEST.
| Flavor | Version | Tinstall | Tcheck | Ttotal | Status | Flags |
|---|---|---|---|---|---|---|
| r-devel-linux-x86_64-debian-clang | 0.2.1 | 13.30 | 130.80 | 144.10 | NOTE | |
| r-devel-linux-x86_64-debian-gcc | 0.2.1 | 8.58 | 95.46 | 104.04 | NOTE | |
| r-devel-linux-x86_64-fedora-clang | 0.2.1 | 26.00 | 194.07 | 220.07 | OK | |
| r-devel-linux-x86_64-fedora-gcc | 0.2.1 | 25.00 | 199.45 | 224.45 | OK | |
| r-devel-windows-x86_64 | 0.2.1 | 17.00 | 155.00 | 172.00 | OK | |
| r-patched-linux-x86_64 | 0.2.1 | 12.19 | 123.04 | 135.23 | OK | |
| r-release-linux-x86_64 | 0.2.1 | 10.60 | 122.31 | 132.91 | OK | |
| r-release-macos-arm64 | 0.2.1 | 9.00 | 79.00 | 88.00 | OK | |
| r-release-macos-x86_64 | 0.2.1 | 13.00 | 197.00 | 210.00 | OK | |
| r-release-windows-x86_64 | 0.2.1 | 18.00 | 156.00 | 174.00 | OK | |
| r-oldrel-macos-arm64 | 0.2.1 | 9.00 | 82.00 | 91.00 | OK | |
| r-oldrel-macos-x86_64 | 0.2.1 | 13.00 | 108.00 | 121.00 | OK | |
| r-oldrel-windows-x86_64 | 0.2.1 | 20.00 | 194.00 | 214.00 | OK |
Version: 0.2.1
Check: CRAN incoming feasibility
Result: NOTE
Maintainer: ‘Gaurav Sood <gsood07@gmail.com>’
Package CITATION file contains call(s) to old-style personList() or
as.personList(). Please use c() on person objects instead.
Package CITATION file contains call(s) to old-style citEntry(). Please
use bibentry() instead.
Flavors: r-devel-linux-x86_64-debian-clang, r-devel-linux-x86_64-debian-gcc