Last updated on 2025-07-10 05:49:22 CEST.
Flavor | Version | Tinstall | Tcheck | Ttotal | Status | Flags |
---|---|---|---|---|---|---|
r-devel-linux-x86_64-debian-clang | 0.6.4 | 5.03 | 68.09 | 73.12 | OK | |
r-devel-linux-x86_64-debian-gcc | 0.6.4 | 3.55 | 53.36 | 56.91 | OK | |
r-devel-linux-x86_64-fedora-clang | 0.6.4 | 94.35 | OK | |||
r-devel-linux-x86_64-fedora-gcc | 0.6.4 | 104.44 | OK | |||
r-devel-windows-x86_64 | 0.6.4 | 6.00 | 88.00 | 94.00 | OK | |
r-patched-linux-x86_64 | 0.6.4 | 5.23 | 63.32 | 68.55 | OK | |
r-release-linux-x86_64 | 0.6.4 | 4.60 | 63.85 | 68.45 | OK | |
r-release-macos-arm64 | 0.6.4 | 45.00 | OK | |||
r-release-macos-x86_64 | 0.6.4 | 73.00 | OK | |||
r-release-windows-x86_64 | 0.6.4 | 7.00 | 90.00 | 97.00 | OK | |
r-oldrel-macos-arm64 | 0.6.4 | 57.00 | NOTE | |||
r-oldrel-macos-x86_64 | 0.6.4 | 59.00 | NOTE | |||
r-oldrel-windows-x86_64 | 0.6.4 | 7.00 | 96.00 | 103.00 | NOTE |
Version: 0.6.4
Check: LazyData
Result: NOTE
'LazyData' is specified without a 'data' directory
Flavors: r-oldrel-macos-arm64, r-oldrel-macos-x86_64, r-oldrel-windows-x86_64