Last updated on 2025-10-26 01:49:59 CEST.
| Flavor | Version | Tinstall | Tcheck | Ttotal | Status | Flags |
|---|---|---|---|---|---|---|
| r-devel-linux-x86_64-debian-clang | 0.3.0 | 4.62 | 395.21 | 399.83 | OK | |
| r-devel-linux-x86_64-debian-gcc | 0.3.0 | 2.82 | 263.28 | 266.10 | OK | |
| r-devel-linux-x86_64-fedora-clang | 0.3.0 | 24.00 | 623.71 | 647.71 | OK | |
| r-devel-linux-x86_64-fedora-gcc | 0.3.0 | 653.35 | OK | |||
| r-devel-windows-x86_64 | 0.3.0 | 7.00 | 392.00 | 399.00 | OK | |
| r-patched-linux-x86_64 | 0.3.0 | 5.57 | 377.33 | 382.90 | OK | |
| r-release-linux-x86_64 | 0.3.0 | 4.76 | 378.21 | 382.97 | OK | |
| r-release-macos-arm64 | 0.3.0 | 2.00 | 176.00 | 178.00 | OK | |
| r-release-macos-x86_64 | 0.3.0 | 4.00 | 418.00 | 422.00 | OK | |
| r-release-windows-x86_64 | 0.3.0 | 6.00 | 389.00 | 395.00 | OK | |
| r-oldrel-macos-arm64 | 0.3.0 | 2.00 | 295.00 | 297.00 | OK | |
| r-oldrel-macos-x86_64 | 0.3.0 | 18.00 | ERROR | |||
| r-oldrel-windows-x86_64 | 0.3.0 | 8.00 | 551.00 | 559.00 | OK |
Version: 0.3.0
Check: package dependencies
Result: ERROR
Package required but not available: ‘osmdata’
See section ‘The DESCRIPTION file’ in the ‘Writing R Extensions’
manual.
Flavor: r-oldrel-macos-x86_64