Last updated on 2025-10-25 17:48:48 CEST.
| Flavor | Version | Tinstall | Tcheck | Ttotal | Status | Flags |
|---|---|---|---|---|---|---|
| r-devel-linux-x86_64-debian-clang | 0.1.0 | 2.79 | 27.94 | 30.73 | OK | |
| r-devel-linux-x86_64-debian-gcc | 0.1.0 | 1.92 | 22.65 | 24.57 | OK | |
| r-devel-linux-x86_64-fedora-clang | 0.1.0 | 44.01 | NOTE | |||
| r-devel-linux-x86_64-fedora-gcc | 0.1.0 | 41.59 | NOTE | |||
| r-devel-windows-x86_64 | 0.1.0 | 5.00 | 44.00 | 49.00 | OK | |
| r-patched-linux-x86_64 | 0.1.0 | 2.43 | 25.51 | 27.94 | OK | |
| r-release-linux-x86_64 | 0.1.0 | 2.47 | 25.53 | 28.00 | OK | |
| r-release-macos-arm64 | 0.1.0 | 2.00 | 20.00 | 22.00 | OK | |
| r-release-macos-x86_64 | 0.1.0 | 3.00 | 38.00 | 41.00 | OK | |
| r-release-windows-x86_64 | 0.1.0 | 5.00 | 45.00 | 50.00 | OK | |
| r-oldrel-macos-arm64 | 0.1.0 | 1.00 | 19.00 | 20.00 | NOTE | |
| r-oldrel-macos-x86_64 | 0.1.0 | 3.00 | 35.00 | 38.00 | NOTE | |
| r-oldrel-windows-x86_64 | 0.1.0 | 6.00 | 53.00 | 59.00 | NOTE |
Version: 0.1.0
Check: dependencies in R code
Result: NOTE
Namespace in Imports field not imported from: ‘withr’
All declared Imports should be used.
Flavors: r-devel-linux-x86_64-fedora-clang, r-devel-linux-x86_64-fedora-gcc
Version: 0.1.0
Check: LazyData
Result: NOTE
'LazyData' is specified without a 'data' directory
Flavors: r-oldrel-macos-arm64, r-oldrel-macos-x86_64, r-oldrel-windows-x86_64