Last updated on 2025-10-25 13:48:47 CEST.
| Flavor | Version | Tinstall | Tcheck | Ttotal | Status | Flags |
|---|---|---|---|---|---|---|
| r-devel-linux-x86_64-debian-clang | 0.2.1 | 1.84 | 30.60 | 32.44 | NOTE | |
| r-devel-linux-x86_64-debian-gcc | 0.2.1 | 1.55 | 24.58 | 26.13 | NOTE | |
| r-devel-linux-x86_64-fedora-clang | 0.2.1 | 44.78 | OK | |||
| r-devel-linux-x86_64-fedora-gcc | 0.2.1 | 44.69 | OK | |||
| r-devel-windows-x86_64 | 0.2.1 | 3.00 | 48.00 | 51.00 | OK | |
| r-patched-linux-x86_64 | 0.2.1 | 1.89 | 27.96 | 29.85 | OK | |
| r-release-linux-x86_64 | 0.2.1 | 1.72 | 27.83 | 29.55 | OK | |
| r-release-macos-arm64 | 0.2.1 | 1.00 | 18.00 | 19.00 | OK | |
| r-release-macos-x86_64 | 0.2.1 | 2.00 | 29.00 | 31.00 | OK | |
| r-release-windows-x86_64 | 0.2.1 | 3.00 | 48.00 | 51.00 | OK | |
| r-oldrel-macos-arm64 | 0.2.1 | 1.00 | 17.00 | 18.00 | NOTE | |
| r-oldrel-macos-x86_64 | 0.2.1 | 2.00 | 24.00 | 26.00 | NOTE | |
| r-oldrel-windows-x86_64 | 0.2.1 | 4.00 | 57.00 | 61.00 | NOTE |
Version: 0.2.1
Check: CRAN incoming feasibility
Result: NOTE
Maintainer: ‘Phil Mike Jones <philmikejones@gmail.com>’
Found the following (possibly) invalid file URI:
URI: CONDUCT.md
From: README.md
Flavors: r-devel-linux-x86_64-debian-clang, r-devel-linux-x86_64-debian-gcc
Version: 0.2.1
Check: LazyData
Result: NOTE
'LazyData' is specified without a 'data' directory
Flavors: r-oldrel-macos-arm64, r-oldrel-macos-x86_64, r-oldrel-windows-x86_64