Last updated on 2025-07-10 05:49:22 CEST.
Flavor | Version | Tinstall | Tcheck | Ttotal | Status | Flags |
---|---|---|---|---|---|---|
r-devel-linux-x86_64-debian-clang | 2.2.7 | 52.61 | 240.19 | 292.80 | NOTE | |
r-devel-linux-x86_64-debian-gcc | 2.2.7 | 39.98 | 155.93 | 195.91 | NOTE | |
r-devel-linux-x86_64-fedora-clang | 2.2.7 | 455.24 | OK | |||
r-devel-linux-x86_64-fedora-gcc | 2.2.7 | 476.98 | OK | |||
r-devel-windows-x86_64 | 2.2.7 | 52.00 | 249.00 | 301.00 | NOTE | |
r-patched-linux-x86_64 | 2.2.7 | 54.55 | 221.94 | 276.49 | NOTE | |
r-release-linux-x86_64 | 2.2.7 | 46.36 | 221.44 | 267.80 | NOTE | |
r-release-macos-arm64 | 2.2.7 | 111.00 | OK | |||
r-release-macos-x86_64 | 2.2.7 | 291.00 | OK | |||
r-release-windows-x86_64 | 2.2.7 | 53.00 | 253.00 | 306.00 | NOTE | |
r-oldrel-macos-arm64 | 2.2.7 | 114.00 | NOTE | |||
r-oldrel-macos-x86_64 | 2.2.7 | 175.00 | NOTE | |||
r-oldrel-windows-x86_64 | 2.2.7 | 68.00 | 318.00 | 386.00 | OK |
Version: 2.2.7
Check: Rd cross-references
Result: NOTE
Found the following Rd file(s) with Rd \link{} targets missing package
anchors:
Communities.Rd: igraph
DiffGraph.Rd: igraph
GGMpathStats.Rd: igraph
Ugraph.Rd: igraph
Please provide package anchors for all Rd \link{} targets not in the
package itself and the base packages.
Flavors: r-devel-linux-x86_64-debian-clang, r-devel-linux-x86_64-debian-gcc, r-devel-windows-x86_64, r-patched-linux-x86_64, r-release-linux-x86_64, r-release-windows-x86_64
Version: 2.2.7
Check: installed package size
Result: NOTE
installed size is 5.8Mb
sub-directories of 1Mb or more:
libs 4.6Mb
Flavors: r-oldrel-macos-arm64, r-oldrel-macos-x86_64