Last updated on 2025-11-26 05:51:49 CET.
| Flavor | Version | Tinstall | Tcheck | Ttotal | Status | Flags |
|---|---|---|---|---|---|---|
| r-devel-linux-x86_64-debian-clang | 1.0.2 | 4.69 | 34.72 | 39.41 | NOTE | |
| r-devel-linux-x86_64-debian-gcc | 1.0.2 | 3.47 | 25.38 | 28.85 | NOTE | |
| r-devel-linux-x86_64-fedora-clang | 1.0.2 | 59.73 | OK | |||
| r-devel-linux-x86_64-fedora-gcc | 1.0.2 | 10.00 | 46.32 | 56.32 | OK | |
| r-devel-windows-x86_64 | 1.0.2 | 8.00 | 50.00 | 58.00 | OK | |
| r-patched-linux-x86_64 | 1.0.2 | 5.37 | 32.09 | 37.46 | OK | |
| r-release-linux-x86_64 | 1.0.2 | 4.73 | 31.67 | 36.40 | OK | |
| r-release-macos-arm64 | 1.0.2 | OK | ||||
| r-release-macos-x86_64 | 1.0.2 | 4.00 | 30.00 | 34.00 | OK | |
| r-release-windows-x86_64 | 1.0.2 | 4.00 | 60.00 | 64.00 | OK | |
| r-oldrel-macos-arm64 | 1.0.2 | OK | ||||
| r-oldrel-macos-x86_64 | 1.0.2 | 3.00 | 25.00 | 28.00 | OK | |
| r-oldrel-windows-x86_64 | 1.0.2 | 6.00 | 55.00 | 61.00 | OK |
Version: 1.0.2
Check: CRAN incoming feasibility
Result: NOTE
Maintainer: ‘Pierre Lafaye de Micheaux <lafaye@unsw.edu.au>’
No Authors@R field in DESCRIPTION.
Please add one, modifying
Authors@R: c(person(given = c("Pierre", "Lafaye"),
family = "de Micheaux",
role = c("aut", "cre"),
email = "lafaye@unsw.edu.au"),
person(given = "Benoit",
family = "Liquet",
role = "aut"),
person(given = "Jeremie",
family = "Riou",
role = "aut"))
as necessary.
Flavors: r-devel-linux-x86_64-debian-clang, r-devel-linux-x86_64-debian-gcc