Last updated on 2025-10-25 17:48:50 CEST.
| Flavor | Version | Tinstall | Tcheck | Ttotal | Status | Flags |
|---|---|---|---|---|---|---|
| r-devel-linux-x86_64-debian-clang | 1.4.5 | 108.59 | 59.62 | 168.21 | OK | |
| r-devel-linux-x86_64-debian-gcc | 1.4.5 | 83.36 | 44.51 | 127.87 | OK | |
| r-devel-linux-x86_64-fedora-clang | 1.4.5 | 209.00 | 79.76 | 288.76 | OK | |
| r-devel-linux-x86_64-fedora-gcc | 1.4.5 | 193.00 | 116.94 | 309.94 | OK | |
| r-devel-windows-x86_64 | 1.4.5 | 126.00 | 96.00 | 222.00 | OK | |
| r-patched-linux-x86_64 | 1.4.5 | 116.78 | 61.35 | 178.13 | OK | |
| r-release-linux-x86_64 | 1.4.5 | 114.14 | 61.42 | 175.56 | OK | |
| r-release-macos-arm64 | 1.4.5 | 39.00 | 26.00 | 65.00 | OK | |
| r-release-macos-x86_64 | 1.4.5 | 97.00 | 78.00 | 175.00 | OK | |
| r-release-windows-x86_64 | 1.4.5 | 129.00 | 102.00 | 231.00 | OK | |
| r-oldrel-macos-arm64 | 1.4.5 | 36.00 | 32.00 | 68.00 | NOTE | |
| r-oldrel-macos-x86_64 | 1.4.5 | 93.00 | 83.00 | 176.00 | NOTE | |
| r-oldrel-windows-x86_64 | 1.4.5 | 149.00 | 125.00 | 274.00 | OK |
Version: 1.4.5
Check: installed package size
Result: NOTE
installed size is 31.4Mb
sub-directories of 1Mb or more:
libs 30.2Mb
Flavors: r-oldrel-macos-arm64, r-oldrel-macos-x86_64