Last updated on 2025-11-26 05:51:46 CET.
| Flavor | Version | Tinstall | Tcheck | Ttotal | Status | Flags |
|---|---|---|---|---|---|---|
| r-devel-linux-x86_64-debian-gcc | 0.1.0 | 0.26 | 2.64 | 2.90 | ERROR | |
| r-devel-linux-x86_64-fedora-clang | 0.1.0 | 2.64 | ERROR | |||
| r-devel-linux-x86_64-fedora-gcc | 0.1.0 | 2.59 | ERROR | |||
| r-release-macos-arm64 | 0.1.0 | 8.00 | 38.00 | 46.00 | OK | |
| r-release-macos-x86_64 | 0.1.0 | 42.00 | 264.00 | 306.00 | OK | |
| r-oldrel-macos-arm64 | 0.1.0 | 9.00 | 42.00 | 51.00 | OK | |
| r-oldrel-macos-x86_64 | 0.1.0 | 37.00 | 274.00 | 311.00 | OK | |
| r-oldrel-windows-x86_64 | 0.1.0 | 19.00 | 219.00 | 238.00 | OK |
Version: 0.1.0
Check: package dependencies
Result: ERROR
Package required but not available: ‘mapgl’
See section ‘The DESCRIPTION file’ in the ‘Writing R Extensions’
manual.
Flavors: r-devel-linux-x86_64-debian-gcc, r-devel-linux-x86_64-fedora-clang, r-devel-linux-x86_64-fedora-gcc