CRAN Package Check Results for Package r2country

Last updated on 2025-07-20 09:50:38 CEST.

Flavor Version Tinstall Tcheck Ttotal Status Flags
r-devel-linux-x86_64-debian-clang 2.0.2.4.0 4.51 25.49 30.00 NOTE
r-devel-linux-x86_64-debian-gcc 2.0.2.4.0 2.83 21.04 23.87 NOTE
r-devel-linux-x86_64-fedora-clang 2.0.2.4.0 48.34 NOTE
r-devel-linux-x86_64-fedora-gcc 2.0.2.4.0 58.66 NOTE
r-devel-windows-x86_64 2.0.2.4.0 7.00 53.00 60.00 OK
r-patched-linux-x86_64 2.0.2.4.0 4.71 23.79 28.50 OK
r-release-linux-x86_64 2.0.2.4.0 3.57 24.00 27.57 OK
r-release-macos-arm64 2.0.2.4.0 31.00 OK
r-release-macos-x86_64 2.0.2.4.0 44.00 OK
r-release-windows-x86_64 2.0.2.4.0 7.00 51.00 58.00 OK
r-oldrel-macos-arm64 2.0.2.4.0 24.00 OK
r-oldrel-macos-x86_64 2.0.2.4.0 63.00 OK
r-oldrel-windows-x86_64 2.0.2.4.0 9.00 57.00 66.00 OK

Check Details

Version: 2.0.2.4.0
Check: CRAN incoming feasibility
Result: NOTE Maintainer: ‘Obinna Obianom <idonshayo@gmail.com>’ The BugReports field in DESCRIPTION has https://github.com/oobianom/r2country which should likely be https://github.com/oobianom/r2country/issues instead. Flavors: r-devel-linux-x86_64-debian-clang, r-devel-linux-x86_64-debian-gcc

Version: 2.0.2.4.0
Check: dependencies in R code
Result: NOTE Namespaces in Imports field not imported from: ‘quickcode’ ‘stats’ ‘utils’ All declared Imports should be used. Flavors: r-devel-linux-x86_64-fedora-clang, r-devel-linux-x86_64-fedora-gcc