Last updated on 2025-10-25 13:48:47 CEST.
| Flavor | Version | Tinstall | Tcheck | Ttotal | Status | Flags |
|---|---|---|---|---|---|---|
| r-devel-linux-x86_64-debian-clang | 0.1.0 | 4.05 | 51.51 | 55.56 | NOTE | |
| r-devel-linux-x86_64-debian-gcc | 0.1.0 | 2.99 | 38.20 | 41.19 | NOTE | |
| r-devel-linux-x86_64-fedora-clang | 0.1.0 | 10.00 | 77.26 | 87.26 | NOTE | |
| r-devel-linux-x86_64-fedora-gcc | 0.1.0 | 96.06 | NOTE | |||
| r-devel-windows-x86_64 | 0.1.0 | 6.00 | 65.00 | 71.00 | NOTE | |
| r-patched-linux-x86_64 | 0.1.0 | 2.78 | 48.25 | 51.03 | NOTE | |
| r-release-linux-x86_64 | 0.1.0 | 3.94 | 48.79 | 52.73 | NOTE | |
| r-release-macos-arm64 | 0.1.0 | 2.00 | 35.00 | 37.00 | NOTE | |
| r-release-macos-x86_64 | 0.1.0 | 4.00 | 64.00 | 68.00 | NOTE | |
| r-release-windows-x86_64 | 0.1.0 | 5.00 | 66.00 | 71.00 | NOTE | |
| r-oldrel-macos-arm64 | 0.1.0 | 2.00 | 33.00 | 35.00 | NOTE | |
| r-oldrel-macos-x86_64 | 0.1.0 | 3.00 | 48.00 | 51.00 | NOTE | |
| r-oldrel-windows-x86_64 | 0.1.0 | 7.00 | 86.00 | 93.00 | NOTE |
Version: 0.1.0
Check: Rd files
Result: NOTE
checkRd: (-1) als_data.Rd:10: Lost braces in \itemize; meant \describe ?
checkRd: (-1) als_data.Rd:11: Lost braces in \itemize; meant \describe ?
checkRd: (-1) als_data.Rd:12: Lost braces in \itemize; meant \describe ?
checkRd: (-1) als_data.Rd:13: Lost braces in \itemize; meant \describe ?
checkRd: (-1) als_data.Rd:14: Lost braces in \itemize; meant \describe ?
checkRd: (-1) als_data.Rd:15: Lost braces in \itemize; meant \describe ?
checkRd: (-1) als_data.Rd:16: Lost braces in \itemize; meant \describe ?
checkRd: (-1) als_data.Rd:17: Lost braces in \itemize; meant \describe ?
checkRd: (-1) als_data.Rd:18: Lost braces in \itemize; meant \describe ?
checkRd: (-1) als_data.Rd:19: Lost braces in \itemize; meant \describe ?
checkRd: (-1) als_data.Rd:20: Lost braces in \itemize; meant \describe ?
checkRd: (-1) als_data.Rd:21: Lost braces in \itemize; meant \describe ?
checkRd: (-1) als_data.Rd:22: Lost braces in \itemize; meant \describe ?
checkRd: (-1) als_data.Rd:23: Lost braces in \itemize; meant \describe ?
checkRd: (-1) als_data.Rd:24: Lost braces in \itemize; meant \describe ?
checkRd: (-1) als_data.Rd:25: Lost braces in \itemize; meant \describe ?
checkRd: (-1) als_data.Rd:26: Lost braces in \itemize; meant \describe ?
checkRd: (-1) als_data.Rd:27: Lost braces in \itemize; meant \describe ?
checkRd: (-1) als_data_qc_mapping.Rd:11: Lost braces in \itemize; meant \describe ?
checkRd: (-1) als_data_qc_mapping.Rd:12: Lost braces in \itemize; meant \describe ?
checkRd: (-1) als_data_qc_mapping.Rd:13: Lost braces in \itemize; meant \describe ?
Flavors: r-devel-linux-x86_64-debian-clang, r-devel-linux-x86_64-debian-gcc, r-devel-linux-x86_64-fedora-clang, r-devel-linux-x86_64-fedora-gcc, r-devel-windows-x86_64, r-patched-linux-x86_64, r-release-linux-x86_64, r-release-macos-arm64, r-release-macos-x86_64, r-release-windows-x86_64, r-oldrel-macos-arm64, r-oldrel-macos-x86_64, r-oldrel-windows-x86_64