Last updated on 2025-10-26 09:50:05 CET.
| Flavor | Version | Tinstall | Tcheck | Ttotal | Status | Flags |
|---|---|---|---|---|---|---|
| r-devel-linux-x86_64-debian-clang | 1.0.4 | 8.39 | 66.02 | 74.41 | NOTE | |
| r-devel-linux-x86_64-debian-gcc | 1.0.4 | 5.50 | 46.31 | 51.81 | NOTE | |
| r-devel-linux-x86_64-fedora-clang | 1.0.4 | 22.00 | 94.05 | 116.05 | OK | |
| r-devel-linux-x86_64-fedora-gcc | 1.0.4 | 17.00 | 108.31 | 125.31 | OK | |
| r-devel-windows-x86_64 | 1.0.4 | 10.00 | 94.00 | 104.00 | OK | |
| r-patched-linux-x86_64 | 1.0.4 | 8.48 | 63.41 | 71.89 | OK | |
| r-release-linux-x86_64 | 1.0.4 | 8.11 | 64.28 | 72.39 | OK | |
| r-release-macos-arm64 | 1.0.4 | 5.00 | 43.00 | 48.00 | OK | |
| r-release-macos-x86_64 | 1.0.4 | 8.00 | 96.00 | 104.00 | OK | |
| r-release-windows-x86_64 | 1.0.4 | 10.00 | 97.00 | 107.00 | OK | |
| r-oldrel-macos-arm64 | 1.0.4 | 5.00 | 35.00 | 40.00 | OK | |
| r-oldrel-macos-x86_64 | 1.0.4 | 11.00 | 71.00 | 82.00 | OK | |
| r-oldrel-windows-x86_64 | 1.0.4 | 11.00 | 109.00 | 120.00 | OK |
Version: 1.0.4
Check: CRAN incoming feasibility
Result: NOTE
Maintainer: ‘Brian S. Yandell <brian.yandell@wisc.edu>’
No Authors@R field in DESCRIPTION.
Please add one, modifying
Authors@R: c(person(given = c("Elias", "Chaibub"),
family = "Neto",
role = "aut",
email = "echaibub@hotmail.com"),
person(given = c("Brian", "S"),
family = "Yandell",
role = "aut",
email = "brian.yandell@wisc.edu"),
person(given = c("Brian", "S."),
family = "Yandell",
role = "cre",
email = "brian.yandell@wisc.edu"))
as necessary.
Flavors: r-devel-linux-x86_64-debian-clang, r-devel-linux-x86_64-debian-gcc