CRAN Package Check Results for Package qs

Last updated on 2025-11-26 17:50:03 CET.

Flavor Version Tinstall Tcheck Ttotal Status Flags
r-devel-linux-x86_64-debian-clang 0.27.3 35.44 385.24 420.68 WARN
r-devel-linux-x86_64-debian-gcc 0.27.3 36.56 341.52 378.08 WARN
r-devel-linux-x86_64-fedora-clang 0.27.3 131.00 494.90 625.90 WARN
r-devel-linux-x86_64-fedora-gcc 0.27.3 121.00 532.94 653.94 WARN
r-devel-windows-x86_64 0.27.3 116.00 379.00 495.00 WARN
r-patched-linux-x86_64 0.27.3 50.66 400.00 450.66 NOTE
r-release-linux-x86_64 0.27.3 47.44 396.52 443.96 NOTE
r-release-macos-arm64 0.27.3 NOTE
r-release-macos-x86_64 0.27.3 63.00 460.00 523.00 NOTE
r-release-windows-x86_64 0.27.3 111.00 400.00 511.00 NOTE
r-oldrel-macos-arm64 0.27.3 NOTE
r-oldrel-macos-x86_64 0.27.3 32.00 358.00 390.00 NOTE
r-oldrel-windows-x86_64 0.27.3 133.00 510.00 643.00 OK

Check Details

Version: 0.27.3
Check: compiled code
Result: WARN File ‘qs/libs/qs.so’: Found non-API calls to R: ‘CLOENV’, ‘ENCLOS’, ‘FRAME’, ‘HASHTAB’, ‘IS_S4_OBJECT’, ‘LEVELS’, ‘OBJECT’, ‘PRENV’, ‘Rf_allocSExp’, ‘SETLEVELS’, ‘SET_CLOENV’, ‘SET_ENCLOS’, ‘SET_FRAME’, ‘SET_HASHTAB’, ‘SET_OBJECT’, ‘SET_PRENV’, ‘SET_S4_OBJECT’, ‘SET_TRUELENGTH’ These entry points may be removed soon: ‘SET_FRAME’, ‘SET_HASHTAB’, ‘SET_ENCLOS’, ‘SET_S4_OBJECT’, ‘FRAME’, ‘HASHTAB’, ‘IS_S4_OBJECT’, ‘CLOENV’, ‘ENCLOS’, ‘OBJECT’, ‘SET_CLOENV’ Compiled code should not call non-API entry points in R. See ‘Writing portable packages’ in the ‘Writing R Extensions’ manual, and section ‘Moving into C API compliance’ for issues with the use of non-API entry points. Flavors: r-devel-linux-x86_64-debian-clang, r-devel-linux-x86_64-debian-gcc, r-devel-linux-x86_64-fedora-clang, r-devel-linux-x86_64-fedora-gcc

Version: 0.27.3
Check: compiled code
Result: WARN File 'qs/libs/x64/qs.dll': Found non-API calls to R: 'CLOENV', 'ENCLOS', 'FRAME', 'HASHTAB', 'IS_S4_OBJECT', 'LEVELS', 'OBJECT', 'PRENV', 'Rf_allocSExp', 'SETLEVELS', 'SET_CLOENV', 'SET_ENCLOS', 'SET_FRAME', 'SET_HASHTAB', 'SET_OBJECT', 'SET_PRENV', 'SET_S4_OBJECT', 'SET_TRUELENGTH' These entry points may be removed soon: 'SET_FRAME', 'SET_HASHTAB', 'SET_ENCLOS', 'SET_S4_OBJECT', 'FRAME', 'HASHTAB', 'IS_S4_OBJECT', 'CLOENV', 'ENCLOS', 'OBJECT', 'SET_CLOENV' Compiled code should not call non-API entry points in R. See 'Writing portable packages' in the 'Writing R Extensions' manual, and section 'Moving into C API compliance' for issues with the use of non-API entry points. Flavor: r-devel-windows-x86_64

Version: 0.27.3
Check: compiled code
Result: NOTE File ‘qs/libs/qs.so’: Found non-API calls to R: ‘CLOENV’, ‘ENCLOS’, ‘FRAME’, ‘HASHTAB’, ‘IS_S4_OBJECT’, ‘LEVELS’, ‘OBJECT’, ‘PRENV’, ‘Rf_allocSExp’, ‘SETLEVELS’, ‘SET_CLOENV’, ‘SET_ENCLOS’, ‘SET_FRAME’, ‘SET_HASHTAB’, ‘SET_PRENV’, ‘SET_S4_OBJECT’, ‘SET_TRUELENGTH’ Compiled code should not call non-API entry points in R. See ‘Writing portable packages’ in the ‘Writing R Extensions’ manual, and section ‘Moving into C API compliance’ for issues with the use of non-API entry points. Flavors: r-patched-linux-x86_64, r-release-linux-x86_64, r-release-macos-arm64, r-release-macos-x86_64

Version: 0.27.3
Check: compiled code
Result: NOTE File 'qs/libs/x64/qs.dll': Found non-API calls to R: 'CLOENV', 'ENCLOS', 'FRAME', 'HASHTAB', 'IS_S4_OBJECT', 'LEVELS', 'OBJECT', 'PRENV', 'Rf_allocSExp', 'SETLEVELS', 'SET_CLOENV', 'SET_ENCLOS', 'SET_FRAME', 'SET_HASHTAB', 'SET_PRENV', 'SET_S4_OBJECT', 'SET_TRUELENGTH' Compiled code should not call non-API entry points in R. See 'Writing portable packages' in the 'Writing R Extensions' manual, and section 'Moving into C API compliance' for issues with the use of non-API entry points. Flavor: r-release-windows-x86_64

Version: 0.27.3
Check: installed package size
Result: NOTE installed size is 9.2Mb sub-directories of 1Mb or more: doc 1.1Mb libs 7.8Mb Flavors: r-oldrel-macos-arm64, r-oldrel-macos-x86_64