CRAN Package Check Results for Package qris

Last updated on 2025-11-26 09:51:25 CET.

Flavor Version Tinstall Tcheck Ttotal Status Flags
r-devel-linux-x86_64-debian-clang 1.1.1 54.75 115.38 170.13 WARN
r-devel-linux-x86_64-debian-gcc 1.1.1 32.22 83.87 116.09 WARN
r-devel-linux-x86_64-fedora-clang 1.1.1 75.00 212.01 287.01 NOTE
r-devel-linux-x86_64-fedora-gcc 1.1.1 64.00 199.11 263.11 NOTE
r-devel-windows-x86_64 1.1.1 73.00 129.00 202.00 NOTE
r-patched-linux-x86_64 1.1.1 52.54 107.45 159.99 NOTE
r-release-linux-x86_64 1.1.1 52.54 111.26 163.80 NOTE
r-release-macos-arm64 1.1.1 NOTE
r-release-macos-x86_64 1.1.1 22.00 81.00 103.00 NOTE
r-release-windows-x86_64 1.1.1 64.00 135.00 199.00 NOTE
r-oldrel-macos-arm64 1.1.1 NOTE
r-oldrel-macos-x86_64 1.1.1 21.00 68.00 89.00 NOTE
r-oldrel-windows-x86_64 1.1.1 75.00 158.00 233.00 NOTE

Check Details

Version: 1.1.1
Check: whether package can be installed
Result: WARN Found the following significant warnings: /home/hornik/tmp/R.check/r-devel-clang/Work/build/Packages/RcppArmadillo/include/RcppArmadillo/version/arma.h:66:17: warning: Using fallback compilation with Armadillo 14.6.3. Please consider defining -DARMA_USE_CURRENT and also removing C++11 compilation directive. See GitHub issue #475 for more. [-W#pragma-messages] See ‘/home/hornik/tmp/R.check/r-devel-clang/Work/PKGS/qris.Rcheck/00install.out’ for details. * used C compiler: ‘Debian clang version 21.1.5 (1)’ * used C++ compiler: ‘Debian clang version 21.1.5 (1)’ Flavor: r-devel-linux-x86_64-debian-clang

Version: 1.1.1
Check: C++ specification
Result: NOTE Specified C++11: please drop specification unless essential Flavors: r-devel-linux-x86_64-debian-clang, r-devel-linux-x86_64-debian-gcc, r-devel-linux-x86_64-fedora-clang, r-devel-linux-x86_64-fedora-gcc, r-devel-windows-x86_64, r-patched-linux-x86_64, r-release-linux-x86_64, r-release-macos-arm64, r-release-macos-x86_64, r-release-windows-x86_64, r-oldrel-macos-arm64, r-oldrel-macos-x86_64, r-oldrel-windows-x86_64

Version: 1.1.1
Check: whether package can be installed
Result: WARN Found the following significant warnings: /home/hornik/tmp/R.check/r-devel-gcc/Work/build/Packages/RcppArmadillo/include/RcppArmadillo/version/arma.h:66:199: note: ‘#pragma message: Using fallback compilation with Armadillo 14.6.3. Please consider defining -DARMA_USE_CURRENT and also removing C++11 compilation directive. See GitHub issue #475 for more.’ See ‘/home/hornik/tmp/R.check/r-devel-gcc/Work/PKGS/qris.Rcheck/00install.out’ for details. * used C compiler: ‘gcc-15 (Debian 15.2.0-7) 15.2.0’ * used C++ compiler: ‘g++-15 (Debian 15.2.0-7) 15.2.0’ Flavor: r-devel-linux-x86_64-debian-gcc