Last updated on 2025-10-25 13:48:47 CEST.
| Flavor | Version | Tinstall | Tcheck | Ttotal | Status | Flags |
|---|---|---|---|---|---|---|
| r-devel-linux-x86_64-debian-clang | 1.4-2 | 14.85 | 128.81 | 143.66 | OK | |
| r-devel-linux-x86_64-debian-gcc | 1.4-2 | 10.82 | 90.38 | 101.20 | OK | |
| r-devel-linux-x86_64-fedora-clang | 1.4-2 | 42.00 | 188.72 | 230.72 | OK | |
| r-devel-linux-x86_64-fedora-gcc | 1.4-2 | 50.00 | 168.09 | 218.09 | OK | |
| r-devel-windows-x86_64 | 1.4-2 | 21.00 | 155.00 | 176.00 | OK | |
| r-patched-linux-x86_64 | 1.4-2 | 16.79 | 125.50 | 142.29 | OK | |
| r-release-linux-x86_64 | 1.4-2 | 14.21 | 124.12 | 138.33 | OK | |
| r-release-macos-arm64 | 1.4-2 | 7.00 | 53.00 | 60.00 | OK | |
| r-release-macos-x86_64 | 1.4-2 | 15.00 | 112.00 | 127.00 | OK | |
| r-release-windows-x86_64 | 1.4-2 | 25.00 | 159.00 | 184.00 | OK | |
| r-oldrel-macos-arm64 | 1.4-2 | 7.00 | 57.00 | 64.00 | NOTE | |
| r-oldrel-macos-x86_64 | 1.4-2 | 21.00 | 163.00 | 184.00 | NOTE | |
| r-oldrel-windows-x86_64 | 1.4-2 | 29.00 | 202.00 | 231.00 | OK |
Version: 1.4-2
Check: installed package size
Result: NOTE
installed size is 5.0Mb
sub-directories of 1Mb or more:
data 3.7Mb
Flavors: r-oldrel-macos-arm64, r-oldrel-macos-x86_64