Last updated on 2025-11-26 17:50:03 CET.
| Flavor | Version | Tinstall | Tcheck | Ttotal | Status | Flags |
|---|---|---|---|---|---|---|
| r-devel-linux-x86_64-debian-clang | 1.1.6 | 85.84 | 112.60 | 198.44 | OK | |
| r-devel-linux-x86_64-debian-gcc | 1.1.6 | 56.88 | 78.21 | 135.09 | OK | |
| r-devel-linux-x86_64-fedora-clang | 1.1.6 | 172.00 | 166.52 | 338.52 | OK | |
| r-devel-linux-x86_64-fedora-gcc | 1.1.6 | 212.00 | 111.82 | 323.82 | OK | |
| r-devel-windows-x86_64 | 1.1.6 | 106.00 | 134.00 | 240.00 | OK | |
| r-patched-linux-x86_64 | 1.1.6 | 88.09 | 105.12 | 193.21 | OK | |
| r-release-linux-x86_64 | 1.1.6 | 85.45 | 104.56 | 190.01 | OK | |
| r-release-macos-arm64 | 1.1.6 | OK | ||||
| r-release-macos-x86_64 | 1.1.6 | 41.00 | 108.00 | 149.00 | OK | |
| r-release-windows-x86_64 | 1.1.6 | 97.00 | 164.00 | 261.00 | OK | |
| r-oldrel-macos-arm64 | 1.1.6 | NOTE | ||||
| r-oldrel-macos-x86_64 | 1.1.6 | 40.00 | 94.00 | 134.00 | NOTE | |
| r-oldrel-windows-x86_64 | 1.1.6 | 115.00 | 168.00 | 283.00 | OK |
Version: 1.1.6
Check: installed package size
Result: NOTE
installed size is 5.8Mb
sub-directories of 1Mb or more:
libs 4.8Mb
Flavors: r-oldrel-macos-arm64, r-oldrel-macos-x86_64