Last updated on 2025-07-10 01:50:54 CEST.
Flavor | Version | Tinstall | Tcheck | Ttotal | Status | Flags |
---|---|---|---|---|---|---|
r-devel-linux-x86_64-debian-clang | 2.0.0 | 13.31 | 448.11 | 461.42 | OK | |
r-devel-linux-x86_64-debian-gcc | 2.0.0 | 8.37 | 353.54 | 361.91 | OK | |
r-devel-linux-x86_64-fedora-clang | 2.0.0 | 677.42 | OK | |||
r-devel-linux-x86_64-fedora-gcc | 2.0.0 | 711.61 | OK | |||
r-devel-windows-x86_64 | 2.0.0 | 16.00 | 457.00 | 473.00 | OK | |
r-patched-linux-x86_64 | 2.0.0 | 12.18 | 459.92 | 472.10 | OK | |
r-release-linux-x86_64 | 2.0.0 | 10.67 | 459.67 | 470.34 | OK | |
r-release-macos-arm64 | 2.0.0 | 289.00 | OK | |||
r-release-macos-x86_64 | 2.0.0 | 636.00 | OK | |||
r-release-windows-x86_64 | 2.0.0 | 17.00 | 469.00 | 486.00 | OK | |
r-oldrel-macos-arm64 | 2.0.0 | 318.00 | NOTE | |||
r-oldrel-macos-x86_64 | 2.0.0 | 687.00 | NOTE | |||
r-oldrel-windows-x86_64 | 2.0.0 | 22.00 | 596.00 | 618.00 | NOTE |
Version: 2.0.0
Check: installed package size
Result: NOTE
installed size is 6.0Mb
sub-directories of 1Mb or more:
doc 5.2Mb
Flavors: r-oldrel-macos-arm64, r-oldrel-macos-x86_64, r-oldrel-windows-x86_64