Last updated on 2025-10-25 13:48:46 CEST.
| Flavor | Version | Tinstall | Tcheck | Ttotal | Status | Flags |
|---|---|---|---|---|---|---|
| r-devel-linux-x86_64-debian-clang | 2.0.0 | 13.21 | 443.06 | 456.27 | OK | |
| r-devel-linux-x86_64-debian-gcc | 2.0.0 | 8.16 | 348.47 | 356.63 | OK | |
| r-devel-linux-x86_64-fedora-clang | 2.0.0 | 47.00 | 653.34 | 700.34 | OK | |
| r-devel-linux-x86_64-fedora-gcc | 2.0.0 | 28.00 | 687.16 | 715.16 | OK | |
| r-devel-windows-x86_64 | 2.0.0 | 17.00 | 463.00 | 480.00 | OK | |
| r-patched-linux-x86_64 | 2.0.0 | 12.38 | 461.75 | 474.13 | OK | |
| r-release-linux-x86_64 | 2.0.0 | 10.81 | 461.51 | 472.32 | OK | |
| r-release-macos-arm64 | 2.0.0 | 6.00 | 283.00 | 289.00 | OK | |
| r-release-macos-x86_64 | 2.0.0 | 15.00 | 621.00 | 636.00 | OK | |
| r-release-windows-x86_64 | 2.0.0 | 16.00 | 457.00 | 473.00 | OK | |
| r-oldrel-macos-arm64 | 2.0.0 | 8.00 | 310.00 | 318.00 | NOTE | |
| r-oldrel-macos-x86_64 | 2.0.0 | 24.00 | 663.00 | 687.00 | NOTE | |
| r-oldrel-windows-x86_64 | 2.0.0 | 22.00 | 613.00 | 635.00 | NOTE |
Version: 2.0.0
Check: installed package size
Result: NOTE
installed size is 6.0Mb
sub-directories of 1Mb or more:
doc 5.2Mb
Flavors: r-oldrel-macos-arm64, r-oldrel-macos-x86_64, r-oldrel-windows-x86_64