Last updated on 2025-10-25 17:48:48 CEST.
| Flavor | Version | Tinstall | Tcheck | Ttotal | Status | Flags |
|---|---|---|---|---|---|---|
| r-devel-linux-x86_64-debian-clang | 0.1.1 | 15.98 | 169.84 | 185.82 | NOTE | |
| r-devel-linux-x86_64-debian-gcc | 0.1.1 | 12.83 | 121.82 | 134.65 | NOTE | |
| r-devel-linux-x86_64-fedora-clang | 0.1.1 | 77.00 | 221.37 | 298.37 | OK | |
| r-devel-linux-x86_64-fedora-gcc | 0.1.1 | 103.00 | 205.65 | 308.65 | NOTE | |
| r-devel-windows-x86_64 | 0.1.1 | 18.00 | 161.00 | 179.00 | OK | |
| r-patched-linux-x86_64 | 0.1.1 | 15.42 | 160.58 | 176.00 | OK | |
| r-release-linux-x86_64 | 0.1.1 | 13.96 | 160.56 | 174.52 | OK | |
| r-release-macos-arm64 | 0.1.1 | 6.00 | 95.00 | 101.00 | OK | |
| r-release-macos-x86_64 | 0.1.1 | 15.00 | 184.00 | 199.00 | OK | |
| r-release-windows-x86_64 | 0.1.1 | 18.00 | 160.00 | 178.00 | OK | |
| r-oldrel-macos-arm64 | 0.1.1 | 7.00 | 118.00 | 125.00 | OK | |
| r-oldrel-macos-x86_64 | 0.1.1 | 14.00 | 184.00 | 198.00 | OK | |
| r-oldrel-windows-x86_64 | 0.1.1 | 23.00 | 206.00 | 229.00 | OK |
Version: 0.1.1
Check: Rd files
Result: NOTE
checkRd: (-1) datatrade_EU.Rd:12-22: Only 3 columns allowed in this table (row 2 has 2)
checkRd: (-1) datatrade_EU.Rd:12-22: Only 3 columns allowed in this table (row 4 has 2)
checkRd: (-1) datatrade_EU.Rd:12-22: Only 3 columns allowed in this table (row 6 has 2)
checkRd: (-1) datatrade_EU.Rd:26-34: Only 3 columns allowed in this table (row 2 has 2)
checkRd: (-1) datatrade_EU.Rd:26-34: Only 3 columns allowed in this table (row 4 has 2)
checkRd: (-1) datatrade_EU.Rd:26-34: Only 3 columns allowed in this table (row 6 has 2)
checkRd: (-1) datatrade_EU.Rd:38-44: Only 3 columns allowed in this table (row 2 has 2)
checkRd: (-1) datatrade_EU.Rd:38-44: Only 3 columns allowed in this table (row 4 has 2)
checkRd: (-1) datatrade_EU.Rd:49-53: Only 3 columns allowed in this table (row 2 has 2)
checkRd: (-1) datatrade_NorthAm.Rd:12-22: Only 3 columns allowed in this table (row 2 has 2)
checkRd: (-1) datatrade_NorthAm.Rd:12-22: Only 3 columns allowed in this table (row 4 has 2)
checkRd: (-1) datatrade_NorthAm.Rd:12-22: Only 3 columns allowed in this table (row 6 has 2)
checkRd: (-1) datatrade_NorthAm.Rd:26-35: Only 3 columns allowed in this table (row 2 has 2)
checkRd: (-1) datatrade_NorthAm.Rd:26-35: Only 3 columns allowed in this table (row 4 has 2)
checkRd: (-1) datatrade_NorthAm.Rd:26-35: Only 3 columns allowed in this table (row 6 has 2)
checkRd: (-1) datatrade_NorthAm.Rd:39-46: Only 3 columns allowed in this table (row 2 has 2)
checkRd: (-1) datatrade_NorthAm.Rd:39-46: Only 3 columns allowed in this table (row 4 has 2)
checkRd: (-1) datatrade_NorthAm.Rd:51-55: Only 3 columns allowed in this table (row 2 has 2)
checkRd: (-1) trade_data.Rd:53-79: Only 3 columns allowed in this table (row 2 has 2)
checkRd: (-1) trade_data.Rd:53-79: Only 3 columns allowed in this table (row 4 has 2)
checkRd: (-1) trade_data.Rd:53-79: Only 3 columns allowed in this table (row 6 has 2)
checkRd: (-1) trade_data.Rd:53-79: Only 3 columns allowed in this table (row 8 has 2)
checkRd: (-1) trade_data.Rd:53-79: Only 3 columns allowed in this table (row 10 has 2)
checkRd: (-1) trade_data.Rd:53-79: Only 3 columns allowed in this table (row 12 has 2)
checkRd: (-1) trade_data.Rd:53-79: Only 3 columns allowed in this table (row 14 has 2)
checkRd: (-1) trade_data.Rd:53-79: Only 3 columns allowed in this table (row 16 has 2)
checkRd: (-1) trade_data.Rd:85-97: Only 3 columns allowed in this table (row 2 has 2)
checkRd: (-1) trade_data.Rd:85-97: Only 3 columns allowed in this table (row 4 has 2)
checkRd: (-1) trade_data.Rd:85-97: Only 3 columns allowed in this table (row 6 has 2)
checkRd: (-1) trade_data.Rd:85-97: Only 3 columns allowed in this table (row 8 has 2)
Flavors: r-devel-linux-x86_64-debian-clang, r-devel-linux-x86_64-debian-gcc, r-devel-linux-x86_64-fedora-gcc