Last updated on 2025-10-25 13:48:46 CEST.
| Flavor | Version | Tinstall | Tcheck | Ttotal | Status | Flags |
|---|---|---|---|---|---|---|
| r-devel-linux-x86_64-debian-clang | 0.0.1 | 2.78 | 27.65 | 30.43 | OK | |
| r-devel-linux-x86_64-debian-gcc | 0.0.1 | 1.99 | 22.23 | 24.22 | OK | |
| r-devel-linux-x86_64-fedora-clang | 0.0.1 | 44.27 | NOTE | |||
| r-devel-linux-x86_64-fedora-gcc | 0.0.1 | 11.00 | 33.64 | 44.64 | NOTE | |
| r-devel-windows-x86_64 | 0.0.1 | 6.00 | 46.00 | 52.00 | OK | |
| r-patched-linux-x86_64 | 0.0.1 | 3.42 | 25.20 | 28.62 | OK | |
| r-release-linux-x86_64 | 0.0.1 | 3.00 | 25.29 | 28.29 | OK | |
| r-release-macos-arm64 | 0.0.1 | 2.00 | 21.00 | 23.00 | OK | |
| r-release-macos-x86_64 | 0.0.1 | 4.00 | 36.00 | 40.00 | OK | |
| r-release-windows-x86_64 | 0.0.1 | 7.00 | 49.00 | 56.00 | OK | |
| r-oldrel-macos-arm64 | 0.0.1 | 2.00 | 17.00 | 19.00 | OK | |
| r-oldrel-macos-x86_64 | 0.0.1 | 2.00 | 23.00 | 25.00 | OK | |
| r-oldrel-windows-x86_64 | 0.0.1 | 6.00 | 56.00 | 62.00 | OK |
Version: 0.0.1
Check: dependencies in R code
Result: NOTE
Namespaces in Imports field not imported from:
‘kableExtra’ ‘readr’ ‘tidyverse’
All declared Imports should be used.
Flavors: r-devel-linux-x86_64-fedora-clang, r-devel-linux-x86_64-fedora-gcc