Last updated on 2025-11-26 17:50:02 CET.
| Flavor | Version | Tinstall | Tcheck | Ttotal | Status | Flags |
|---|---|---|---|---|---|---|
| r-devel-linux-x86_64-debian-clang | 0.0.6 | 4.72 | 40.11 | 44.83 | NOTE | |
| r-devel-linux-x86_64-debian-gcc | 0.0.6 | 3.05 | 30.98 | 34.03 | NOTE | |
| r-devel-linux-x86_64-fedora-clang | 0.0.6 | 10.00 | 55.50 | 65.50 | OK | |
| r-devel-linux-x86_64-fedora-gcc | 0.0.6 | 15.00 | 50.93 | 65.93 | OK | |
| r-devel-windows-x86_64 | 0.0.6 | 7.00 | 53.00 | 60.00 | OK | |
| r-patched-linux-x86_64 | 0.0.6 | 4.58 | 36.13 | 40.71 | OK | |
| r-release-linux-x86_64 | 0.0.6 | 4.57 | 36.15 | 40.72 | OK | |
| r-release-macos-arm64 | 0.0.6 | OK | ||||
| r-release-macos-x86_64 | 0.0.6 | 4.00 | 39.00 | 43.00 | OK | |
| r-release-windows-x86_64 | 0.0.6 | 7.00 | 59.00 | 66.00 | OK | |
| r-oldrel-macos-arm64 | 0.0.6 | OK | ||||
| r-oldrel-macos-x86_64 | 0.0.6 | 4.00 | 30.00 | 34.00 | OK | |
| r-oldrel-windows-x86_64 | 0.0.6 | 8.00 | 63.00 | 71.00 | OK |
Version: 0.0.6
Check: CRAN incoming feasibility
Result: NOTE
Maintainer: ‘Dirk Eddelbuettel <edd@debian.org>’
No Authors@R field in DESCRIPTION.
Please add one, modifying
Authors@R: person(given = "Dirk",
family = "Eddelbuettel",
role = c("aut", "cre"),
email = "edd@debian.org")
as necessary.
Flavors: r-devel-linux-x86_64-debian-clang, r-devel-linux-x86_64-debian-gcc