Last updated on 2025-10-26 13:50:04 CET.
| Flavor | Version | Tinstall | Tcheck | Ttotal | Status | Flags |
|---|---|---|---|---|---|---|
| r-devel-linux-x86_64-debian-clang | 0.5.2 | 4.01 | 45.64 | 49.65 | NOTE | |
| r-devel-linux-x86_64-debian-gcc | 0.5.2 | 3.29 | 35.46 | 38.75 | NOTE | |
| r-devel-linux-x86_64-fedora-clang | 0.5.2 | 16.00 | 64.72 | 80.72 | NOTE | |
| r-devel-linux-x86_64-fedora-gcc | 0.5.2 | 14.00 | 80.88 | 94.88 | NOTE | |
| r-devel-windows-x86_64 | 0.5.2 | 5.00 | 68.00 | 73.00 | NOTE | |
| r-patched-linux-x86_64 | 0.5.2 | 4.26 | 43.90 | 48.16 | NOTE | |
| r-release-linux-x86_64 | 0.5.2 | 3.63 | 43.88 | 47.51 | NOTE | |
| r-release-macos-arm64 | 0.5.2 | 3.00 | 39.00 | 42.00 | NOTE | |
| r-release-macos-x86_64 | 0.5.2 | 3.00 | 59.00 | 62.00 | NOTE | |
| r-release-windows-x86_64 | 0.5.2 | 5.00 | 71.00 | 76.00 | NOTE | |
| r-oldrel-macos-arm64 | 0.5.2 | 2.00 | 40.00 | 42.00 | NOTE | |
| r-oldrel-macos-x86_64 | 0.5.2 | 3.00 | 45.00 | 48.00 | NOTE | |
| r-oldrel-windows-x86_64 | 0.5.2 | 5.00 | 83.00 | 88.00 | NOTE |
Version: 0.5.2
Check: Rd files
Result: NOTE
checkRd: (-1) prolific_prescreener.Rd:254: Lost braces in \itemize; meant \describe ?
checkRd: (-1) prolific_prescreener.Rd:255: Lost braces in \itemize; meant \describe ?
checkRd: (-1) prolific_study.Rd:95: Lost braces in \itemize; meant \describe ?
checkRd: (-1) prolific_study.Rd:96: Lost braces in \itemize; meant \describe ?
checkRd: (-1) prolific_study.Rd:97: Lost braces in \itemize; meant \describe ?
checkRd: (-1) prolific_study.Rd:109: Lost braces in \itemize; meant \describe ?
checkRd: (-1) prolific_study.Rd:110: Lost braces in \itemize; meant \describe ?
checkRd: (-1) prolific_study.Rd:149: Lost braces in \itemize; meant \describe ?
checkRd: (-1) prolific_study.Rd:150: Lost braces in \itemize; meant \describe ?
checkRd: (-1) prolific_study.Rd:151: Lost braces in \itemize; meant \describe ?
checkRd: (-1) prolific_study.Rd:179-191: Only 3 columns allowed in this table (row 8 has 2)
checkRd: (-1) prolific_study.Rd:179-191: Only 3 columns allowed in this table (row 9 has 2)
checkRd: (-1) prolific_study.Rd:179-191: Only 3 columns allowed in this table (row 10 has 2)
checkRd: (-1) prolific_study.Rd:179-191: Only 3 columns allowed in this table (row 11 has 2)
checkRd: (-1) prolific_study.Rd:243: Lost braces in \itemize; meant \describe ?
checkRd: (-1) prolific_study.Rd:244: Lost braces in \itemize; meant \describe ?
Flavors: r-devel-linux-x86_64-debian-clang, r-devel-linux-x86_64-debian-gcc, r-devel-linux-x86_64-fedora-clang, r-devel-linux-x86_64-fedora-gcc
Version: 0.5.2
Check: Rd files
Result: NOTE
checkRd: (-1) prolific_prescreener.Rd:254: Lost braces in \itemize; meant \describe ?
checkRd: (-1) prolific_prescreener.Rd:255: Lost braces in \itemize; meant \describe ?
checkRd: (-1) prolific_study.Rd:95: Lost braces in \itemize; meant \describe ?
checkRd: (-1) prolific_study.Rd:96: Lost braces in \itemize; meant \describe ?
checkRd: (-1) prolific_study.Rd:97: Lost braces in \itemize; meant \describe ?
checkRd: (-1) prolific_study.Rd:109: Lost braces in \itemize; meant \describe ?
checkRd: (-1) prolific_study.Rd:110: Lost braces in \itemize; meant \describe ?
checkRd: (-1) prolific_study.Rd:149: Lost braces in \itemize; meant \describe ?
checkRd: (-1) prolific_study.Rd:150: Lost braces in \itemize; meant \describe ?
checkRd: (-1) prolific_study.Rd:151: Lost braces in \itemize; meant \describe ?
checkRd: (-1) prolific_study.Rd:243: Lost braces in \itemize; meant \describe ?
checkRd: (-1) prolific_study.Rd:244: Lost braces in \itemize; meant \describe ?
Flavors: r-devel-windows-x86_64, r-patched-linux-x86_64, r-release-linux-x86_64, r-release-macos-arm64, r-release-macos-x86_64, r-release-windows-x86_64, r-oldrel-macos-arm64, r-oldrel-macos-x86_64, r-oldrel-windows-x86_64