Last updated on 2025-07-20 09:50:37 CEST.
Flavor | Version | Tinstall | Tcheck | Ttotal | Status | Flags |
---|---|---|---|---|---|---|
r-devel-linux-x86_64-debian-clang | 1.0.0 | 14.94 | 33.08 | 48.02 | NOTE | |
r-devel-linux-x86_64-debian-gcc | 1.0.0 | 11.41 | 25.56 | 36.97 | NOTE | |
r-devel-linux-x86_64-fedora-clang | 1.0.0 | 83.31 | OK | |||
r-devel-linux-x86_64-fedora-gcc | 1.0.0 | 82.51 | OK | |||
r-devel-windows-x86_64 | 1.0.0 | 19.00 | 77.00 | 96.00 | NOTE | |
r-patched-linux-x86_64 | 1.0.0 | 15.75 | 30.66 | 46.41 | NOTE | |
r-release-linux-x86_64 | 1.0.0 | 15.75 | 30.52 | 46.27 | NOTE | |
r-release-macos-arm64 | 1.0.0 | 33.00 | OK | |||
r-release-macos-x86_64 | 1.0.0 | 59.00 | OK | |||
r-release-windows-x86_64 | 1.0.0 | 17.00 | 69.00 | 86.00 | NOTE | |
r-oldrel-macos-arm64 | 1.0.0 | 44.00 | OK | |||
r-oldrel-macos-x86_64 | 1.0.0 | 84.00 | OK | |||
r-oldrel-windows-x86_64 | 1.0.0 | 18.00 | 81.00 | 99.00 | OK |
Version: 1.0.0
Check: Rd cross-references
Result: NOTE
Found the following Rd file(s) with Rd \link{} targets missing package
anchors:
lhmm.Rd: statmod
Please provide package anchors for all Rd \link{} targets not in the
package itself and the base packages.
Flavors: r-devel-linux-x86_64-debian-clang, r-devel-linux-x86_64-debian-gcc, r-devel-windows-x86_64, r-patched-linux-x86_64, r-release-linux-x86_64, r-release-windows-x86_64