Last updated on 2025-11-26 09:51:25 CET.
| Flavor | Version | Tinstall | Tcheck | Ttotal | Status | Flags |
|---|---|---|---|---|---|---|
| r-devel-linux-x86_64-debian-clang | 0.3.0 | 0.28 | 2.31 | 2.59 | ERROR | |
| r-devel-linux-x86_64-debian-gcc | 0.3.0 | 0.32 | 2.05 | 2.37 | ERROR | |
| r-devel-linux-x86_64-fedora-clang | 0.3.0 | 2.63 | ERROR | |||
| r-devel-linux-x86_64-fedora-gcc | 0.3.0 | 2.75 | ERROR | |||
| r-devel-windows-x86_64 | 0.3.0 | 39.00 | 263.00 | 302.00 | OK | |
| r-patched-linux-x86_64 | 0.3.0 | 34.26 | 314.82 | 349.08 | OK | |
| r-release-linux-x86_64 | 0.3.0 | 36.25 | 309.79 | 346.04 | OK | |
| r-release-macos-arm64 | 0.3.0 | OK | ||||
| r-release-macos-x86_64 | 0.3.0 | 31.00 | 219.00 | 250.00 | OK | |
| r-release-windows-x86_64 | 0.3.0 | 39.00 | 256.00 | 295.00 | OK | |
| r-oldrel-macos-arm64 | 0.3.0 | OK | ||||
| r-oldrel-macos-x86_64 | 0.3.0 | 23.00 | 168.00 | 191.00 | OK | |
| r-oldrel-windows-x86_64 | 0.3.0 | 52.00 | 338.00 | 390.00 | OK |
Version: 0.3.0
Check: package dependencies
Result: ERROR
Package required but not available: ‘tmap’
See section ‘The DESCRIPTION file’ in the ‘Writing R Extensions’
manual.
Flavors: r-devel-linux-x86_64-debian-clang, r-devel-linux-x86_64-debian-gcc, r-devel-linux-x86_64-fedora-clang, r-devel-linux-x86_64-fedora-gcc