CRAN Package Check Results for Package powerMediation

Last updated on 2025-10-26 09:50:04 CET.

Flavor Version Tinstall Tcheck Ttotal Status Flags
r-devel-linux-x86_64-debian-clang 0.3.4 2.68 30.97 33.65 NOTE
r-devel-linux-x86_64-debian-gcc 0.3.4 2.01 23.14 25.15 NOTE
r-devel-linux-x86_64-fedora-clang 0.3.4 47.38 OK
r-devel-linux-x86_64-fedora-gcc 0.3.4 46.42 OK
r-devel-windows-x86_64 0.3.4 4.00 53.00 57.00 OK
r-patched-linux-x86_64 0.3.4 3.58 29.12 32.70 OK
r-release-linux-x86_64 0.3.4 2.65 28.69 31.34 OK
r-release-macos-arm64 0.3.4 1.00 16.00 17.00 OK
r-release-macos-x86_64 0.3.4 3.00 25.00 28.00 OK
r-release-windows-x86_64 0.3.4 5.00 58.00 63.00 OK
r-oldrel-macos-arm64 0.3.4 1.00 14.00 15.00 OK
r-oldrel-macos-x86_64 0.3.4 2.00 22.00 24.00 OK
r-oldrel-windows-x86_64 0.3.4 4.00 52.00 56.00 OK

Check Details

Version: 0.3.4
Check: CRAN incoming feasibility
Result: NOTE Maintainer: ‘Weiliang Qiu <weiliang.qiu@gmail.com>’ No Authors@R field in DESCRIPTION. Please add one, modifying Authors@R: person(given = "Weiliang", family = "Qiu", role = c("aut", "cre"), email = "weiliang.qiu@gmail.com") as necessary. Flavors: r-devel-linux-x86_64-debian-clang, r-devel-linux-x86_64-debian-gcc