Last updated on 2025-11-26 05:51:45 CET.
| Flavor | Version | Tinstall | Tcheck | Ttotal | Status | Flags |
|---|---|---|---|---|---|---|
| r-devel-linux-x86_64-debian-clang | 1.0-0 | 4.40 | 414.82 | 419.22 | NOTE | |
| r-devel-linux-x86_64-debian-gcc | 1.0-0 | 2.93 | 267.54 | 270.47 | NOTE | |
| r-devel-linux-x86_64-fedora-clang | 1.0-0 | 619.18 | NOTE | |||
| r-devel-linux-x86_64-fedora-gcc | 1.0-0 | 22.00 | 689.13 | 711.13 | NOTE | |
| r-devel-windows-x86_64 | 1.0-0 | 81.00 | 304.00 | 385.00 | NOTE | |
| r-patched-linux-x86_64 | 1.0-0 | 4.80 | 396.36 | 401.16 | NOTE | |
| r-release-linux-x86_64 | 1.0-0 | 4.84 | 395.66 | 400.50 | NOTE | |
| r-release-macos-arm64 | 1.0-0 | NOTE | ||||
| r-release-macos-x86_64 | 1.0-0 | 110.00 | 311.00 | 421.00 | NOTE | |
| r-release-windows-x86_64 | 1.0-0 | 82.00 | 317.00 | 399.00 | NOTE | |
| r-oldrel-macos-arm64 | 1.0-0 | NOTE | ||||
| r-oldrel-macos-x86_64 | 1.0-0 | 76.00 | 222.00 | 298.00 | NOTE | |
| r-oldrel-windows-x86_64 | 1.0-0 | 106.00 | 387.00 | 493.00 | NOTE |
Version: 1.0-0
Check: package subdirectories
Result: NOTE
Problems with news in ‘NEWS.md’:
No news entries found.
Flavors: r-devel-linux-x86_64-debian-clang, r-devel-linux-x86_64-debian-gcc, r-devel-linux-x86_64-fedora-clang, r-devel-linux-x86_64-fedora-gcc, r-devel-windows-x86_64, r-patched-linux-x86_64, r-release-linux-x86_64, r-release-macos-arm64, r-release-macos-x86_64, r-release-windows-x86_64, r-oldrel-macos-arm64, r-oldrel-macos-x86_64, r-oldrel-windows-x86_64