Last updated on 2025-10-26 01:49:57 CEST.
| Flavor | Version | Tinstall | Tcheck | Ttotal | Status | Flags |
|---|---|---|---|---|---|---|
| r-devel-linux-x86_64-debian-clang | 1.2.1.14 | 4.13 | 36.44 | 40.57 | NOTE | |
| r-devel-linux-x86_64-debian-gcc | 1.2.1.14 | 2.90 | 26.48 | 29.38 | NOTE | |
| r-devel-linux-x86_64-fedora-clang | 1.2.1.14 | 15.00 | 51.22 | 66.22 | NOTE | |
| r-devel-linux-x86_64-fedora-gcc | 1.2.1.14 | 20.00 | 44.74 | 64.74 | NOTE | |
| r-devel-windows-x86_64 | 1.2.1.14 | 7.00 | 52.00 | 59.00 | OK | |
| r-patched-linux-x86_64 | 1.2.1.14 | 3.82 | 34.28 | 38.10 | OK | |
| r-release-linux-x86_64 | 1.2.1.14 | 4.09 | 34.78 | 38.87 | OK | |
| r-release-macos-arm64 | 1.2.1.14 | 2.00 | 21.00 | 23.00 | OK | |
| r-release-macos-x86_64 | 1.2.1.14 | 3.00 | 31.00 | 34.00 | OK | |
| r-release-windows-x86_64 | 1.2.1.14 | 8.00 | 53.00 | 61.00 | OK | |
| r-oldrel-macos-arm64 | 1.2.1.14 | 2.00 | 20.00 | 22.00 | OK | |
| r-oldrel-macos-x86_64 | 1.2.1.14 | 3.00 | 30.00 | 33.00 | OK | |
| r-oldrel-windows-x86_64 | 1.2.1.14 | 8.00 | 62.00 | 70.00 | OK |
Version: 1.2.1.14
Check: Rd files
Result: NOTE
checkRd: (-1) Ideology.Rd:9-14: Only 2 columns allowed in this table (row 1 has 1)
checkRd: (-1) Ideology_ERA.Rd:9-16: Only 2 columns allowed in this table (row 1 has 1)
checkRd: (-1) State_Neighbors.Rd:9-12: Only 2 columns allowed in this table (row 1 has 1)
checkRd: (-1) US_Counties.Rd:9-18: Only 2 columns allowed in this table (row 1 has 1)
checkRd: (-1) US_States.Rd:9-15: Only 2 columns allowed in this table (row 1 has 1)
Flavors: r-devel-linux-x86_64-debian-clang, r-devel-linux-x86_64-debian-gcc, r-devel-linux-x86_64-fedora-gcc
Version: 1.2.1.14
Check: dependencies in R code
Result: NOTE
Namespaces in Imports field not imported from:
‘MASS’ ‘car’ ‘formula.tools’ ‘ggplot2’ ‘gplots’ ‘graphics’ ‘purrr’
‘rstatix’ ‘stringr’ ‘tidyverse’
All declared Imports should be used.
Flavors: r-devel-linux-x86_64-fedora-clang, r-devel-linux-x86_64-fedora-gcc