Last updated on 2025-10-26 09:50:04 CET.
| Flavor | Version | Tinstall | Tcheck | Ttotal | Status | Flags |
|---|---|---|---|---|---|---|
| r-devel-linux-x86_64-debian-clang | 0.0.2 | 1.43 | 20.48 | 21.91 | OK | |
| r-devel-linux-x86_64-debian-gcc | 0.0.2 | 1.34 | 17.11 | 18.45 | OK | |
| r-devel-linux-x86_64-fedora-clang | 0.0.2 | 30.62 | OK | |||
| r-devel-linux-x86_64-fedora-gcc | 0.0.2 | 29.60 | OK | |||
| r-devel-windows-x86_64 | 0.0.2 | 3.00 | 38.00 | 41.00 | OK | |
| r-patched-linux-x86_64 | 0.0.2 | 1.68 | 18.21 | 19.89 | OK | |
| r-release-linux-x86_64 | 0.0.2 | 1.60 | 18.33 | 19.93 | OK | |
| r-release-macos-arm64 | 0.0.2 | 1.00 | 16.00 | 17.00 | OK | |
| r-release-macos-x86_64 | 0.0.2 | 1.00 | 22.00 | 23.00 | OK | |
| r-release-windows-x86_64 | 0.0.2 | 3.00 | 39.00 | 42.00 | OK | |
| r-oldrel-macos-arm64 | 0.0.2 | 1.00 | 15.00 | 16.00 | NOTE | |
| r-oldrel-macos-x86_64 | 0.0.2 | 2.00 | 18.00 | 20.00 | NOTE | |
| r-oldrel-windows-x86_64 | 0.0.2 | 4.00 | 43.00 | 47.00 | NOTE |
Version: 0.0.2
Check: LazyData
Result: NOTE
'LazyData' is specified without a 'data' directory
Flavors: r-oldrel-macos-arm64, r-oldrel-macos-x86_64, r-oldrel-windows-x86_64