CRAN Package Check Results for Package piwikproR

Last updated on 2025-07-13 05:48:36 CEST.

Flavor Version Tinstall Tcheck Ttotal Status Flags
r-devel-linux-x86_64-debian-clang 0.4.0 5.52 54.97 60.49 NOTE
r-devel-linux-x86_64-debian-gcc 0.4.0 4.07 39.99 44.06 NOTE
r-devel-linux-x86_64-fedora-clang 0.4.0 91.81 OK
r-devel-linux-x86_64-fedora-gcc 0.4.0 102.07 OK
r-devel-windows-x86_64 0.4.0 7.00 71.00 78.00 OK
r-patched-linux-x86_64 0.4.0 5.59 51.18 56.77 OK
r-release-linux-x86_64 0.4.0 5.35 50.36 55.71 OK
r-release-macos-arm64 0.4.0 38.00 OK
r-release-macos-x86_64 0.4.0 84.00 OK
r-release-windows-x86_64 0.4.0 8.00 76.00 84.00 OK
r-oldrel-macos-arm64 0.4.0 37.00 OK
r-oldrel-macos-x86_64 0.4.0 54.00 OK
r-oldrel-windows-x86_64 0.4.0 10.00 88.00 98.00 OK

Check Details

Version: 0.4.0
Check: CRAN incoming feasibility
Result: NOTE Maintainer: ‘Martin Stingl <martin.stingl@dfv.de>’ No Authors@R field in DESCRIPTION. Please add one, modifying Authors@R: person(given = "Martin", family = "Stingl", role = c("aut", "cre"), email = "martin.stingl@dfv.de") as necessary. Flavors: r-devel-linux-x86_64-debian-clang, r-devel-linux-x86_64-debian-gcc