Last updated on 2025-10-25 13:48:45 CEST.
| Flavor | Version | Tinstall | Tcheck | Ttotal | Status | Flags |
|---|---|---|---|---|---|---|
| r-devel-linux-x86_64-debian-clang | 1.5.6 | 33.22 | 132.87 | 166.09 | OK | |
| r-devel-linux-x86_64-debian-gcc | 1.5.6 | 20.67 | 90.57 | 111.24 | OK | |
| r-devel-linux-x86_64-fedora-clang | 1.5.6 | 79.00 | 173.20 | 252.20 | OK | |
| r-devel-linux-x86_64-fedora-gcc | 1.5.6 | 81.00 | 178.58 | 259.58 | OK | |
| r-devel-windows-x86_64 | 1.5.6 | 35.00 | 152.00 | 187.00 | OK | |
| r-patched-linux-x86_64 | 1.5.6 | 38.06 | 122.70 | 160.76 | OK | |
| r-release-linux-x86_64 | 1.5.6 | 32.33 | 123.81 | 156.14 | OK | |
| r-release-macos-arm64 | 1.5.6 | 11.00 | 55.00 | 66.00 | OK | |
| r-release-macos-x86_64 | 1.5.6 | 32.00 | 144.00 | 176.00 | OK | |
| r-release-windows-x86_64 | 1.5.6 | 37.00 | 151.00 | 188.00 | OK | |
| r-oldrel-macos-arm64 | 1.5.6 | 15.00 | 56.00 | 71.00 | NOTE | |
| r-oldrel-macos-x86_64 | 1.5.6 | 32.00 | 115.00 | 147.00 | NOTE | |
| r-oldrel-windows-x86_64 | 1.5.6 | 49.00 | 185.00 | 234.00 | OK |
Version: 1.5.6
Check: installed package size
Result: NOTE
installed size is 5.3Mb
sub-directories of 1Mb or more:
R 2.1Mb
data 2.0Mb
Flavors: r-oldrel-macos-arm64, r-oldrel-macos-x86_64