Last updated on 2025-11-26 17:50:02 CET.
| Flavor | Version | Tinstall | Tcheck | Ttotal | Status | Flags |
|---|---|---|---|---|---|---|
| r-devel-linux-x86_64-debian-clang | 0.2.2 | 66.28 | 65.29 | 131.57 | OK | |
| r-devel-linux-x86_64-debian-gcc | 0.2.2 | 54.02 | 53.21 | 107.23 | OK | |
| r-devel-linux-x86_64-fedora-clang | 0.2.2 | 109.00 | 87.55 | 196.55 | OK | |
| r-devel-linux-x86_64-fedora-gcc | 0.2.2 | 175.00 | 66.83 | 241.83 | OK | |
| r-devel-windows-x86_64 | 0.2.2 | 67.00 | 97.00 | 164.00 | OK | |
| r-patched-linux-x86_64 | 0.2.2 | 68.85 | 65.52 | 134.37 | OK | |
| r-release-linux-x86_64 | 0.2.2 | 73.55 | 66.45 | 140.00 | OK | |
| r-release-macos-arm64 | 0.2.2 | OK | ||||
| r-release-macos-x86_64 | 0.2.2 | 61.00 | 75.00 | 136.00 | OK | |
| r-release-windows-x86_64 | 0.2.2 | 59.00 | 105.00 | 164.00 | OK | |
| r-oldrel-macos-arm64 | 0.2.2 | NOTE | ||||
| r-oldrel-macos-x86_64 | 0.2.2 | 47.00 | 62.00 | 109.00 | NOTE | |
| r-oldrel-windows-x86_64 | 0.2.2 | 73.00 | 119.00 | 192.00 | OK |
Version: 0.2.2
Check: installed package size
Result: NOTE
installed size is 25.5Mb
sub-directories of 1Mb or more:
libs 25.3Mb
Flavors: r-oldrel-macos-arm64, r-oldrel-macos-x86_64